{"id":16286,"date":"2018-01-03T08:58:53","date_gmt":"2018-01-03T10:58:53","guid":{"rendered":"http:\/\/35.194.95.18\/wp-admin\/?post_type=product&#038;p=16286"},"modified":"2025-02-07T16:00:08","modified_gmt":"2025-02-07T19:00:08","slug":"ade-perini-injet-vel-50ml","status":"publish","type":"product","link":"https:\/\/vetsul.com\/index.php\/product\/ade-perini-injet-vel-50ml\/","title":{"rendered":"ADE PERINI INJET\u00c1VEL 50ml"},"content":{"rendered":"<p>ADE PERINI cont\u00e9m as vitaminas A, D e E que s\u00e3o de suma import\u00e2ncia ao organismo animal, em diversas fases metab\u00f3licas, suprindo as defici\u00eancias ou estimulando as defesas org\u00e2nicas nos estados deficit\u00e1rios.<\/p>\n<p>Modo de Usar e Posologia<\/p>\n<p>ADE PERINI dever\u00e1 ser utilizado em inje\u00e7\u00f5es intramusculares ou subcut\u00e2neas na seguinte posologia ou a crit\u00e9rio do M\u00e9dico Veterin\u00e1rio.<\/p>\n<p>BOVINOS:<\/p>\n<p>&#8211; Bezerros: 1 mL para 50 kg de peso a cada 45 dias.<\/p>\n<p>&#8211; Adulto em regime extensivo: 5 mL a cada 60 dias.<\/p>\n<p>&#8211; Adulto em confinamento: 5 mL a cada 45 dias.<\/p>\n<p>&#8211; Vacas em per\u00edodo de gesta\u00e7\u00e3o: 5 mL 60 dias antes e 5 mL ap\u00f3s o parto.<\/p>\n<p>&#8211; Vacas em produ\u00e7\u00e3o leiteira: 5 mL a cada 60 dias.<\/p>\n<p>&#8211; Touros: 5 mL no in\u00edcio e no fim do per\u00edodo de cobertura.<\/p>\n<p>SU\u00cdNOS:<\/p>\n<p>&#8211; Leit\u00f5es: 0,5 mL.<\/p>\n<p>&#8211; Adultos em engorda: 1 a 2 mL a cada 60 dias.<\/p>\n<p>&#8211; Porcas em gesta\u00e7\u00e3o ou amamentando: 3 mL.<\/p>\n<p>&#8211; Reprodutores: 2 a 3 mL a cada 60 dias.<\/p>\n<p>Apresenta\u00e7\u00e3o<\/p>\n<p>Frasco ampola com 10,30, 50, 100, 200 e 500 mL.<\/p>\n<p>F\u00f3rmula<\/p>\n<p>Vitamina E (alfa tocoferol) 5.500 U.I.<\/p>\n<p>Vitamina D-2 (ergocalciferol) 6.000.000 U. I.<\/p>\n<p>Vitamina A (palmitato) 27.000.000 U.I.<\/p>\n<p>Ve\u00edculo q.s.p. 100,0 mL<\/p>\n","protected":false},"excerpt":{"rendered":"<p>ADE PERINI cont\u00e9m as vitaminas A, D e E que s\u00e3o de suma import\u00e2ncia ao organismo animal, em diversas fases metab\u00f3licas, suprindo<\/p>\n","protected":false},"featured_media":16287,"template":"","meta":{"_acf_changed":false},"product_brand":[],"product_cat":[173,178,182],"product_tag":[1080],"class_list":{"0":"post-16286","1":"product","2":"type-product","3":"status-publish","4":"has-post-thumbnail","6":"product_cat-suplementos-e-vitaminas","7":"product_cat-suplementos-e-vitaminas-2","8":"product_cat-suplementos-e-vitaminas-3","9":"product_tag-perini","11":"first","12":"instock","13":"purchasable","14":"product-type-simple"},"acf":[],"_links":{"self":[{"href":"https:\/\/vetsul.com\/index.php\/wp-json\/wp\/v2\/product\/16286","targetHints":{"allow":["GET"]}}],"collection":[{"href":"https:\/\/vetsul.com\/index.php\/wp-json\/wp\/v2\/product"}],"about":[{"href":"https:\/\/vetsul.com\/index.php\/wp-json\/wp\/v2\/types\/product"}],"wp:featuredmedia":[{"embeddable":true,"href":"https:\/\/vetsul.com\/index.php\/wp-json\/wp\/v2\/media\/16287"}],"wp:attachment":[{"href":"https:\/\/vetsul.com\/index.php\/wp-json\/wp\/v2\/media?parent=16286"}],"wp:term":[{"taxonomy":"product_brand","embeddable":true,"href":"https:\/\/vetsul.com\/index.php\/wp-json\/wp\/v2\/product_brand?post=16286"},{"taxonomy":"product_cat","embeddable":true,"href":"https:\/\/vetsul.com\/index.php\/wp-json\/wp\/v2\/product_cat?post=16286"},{"taxonomy":"product_tag","embeddable":true,"href":"https:\/\/vetsul.com\/index.php\/wp-json\/wp\/v2\/product_tag?post=16286"}],"curies":[{"name":"wp","href":"https:\/\/api.w.org\/{rel}","templated":true}]}}