{"id":16282,"date":"2018-01-03T08:46:00","date_gmt":"2018-01-03T10:46:00","guid":{"rendered":"http:\/\/35.194.95.18\/wp-admin\/?post_type=product&#038;p=16282"},"modified":"2026-04-24T11:49:13","modified_gmt":"2026-04-24T14:49:13","slug":"acatak-pour-on-1lt","status":"publish","type":"product","link":"https:\/\/vetsul.com\/index.php\/product\/acatak-pour-on-1lt\/","title":{"rendered":"Acatak Pour On 1lt"},"content":{"rendered":"<p>Acatak Pour On, do grupo farmac\u00eautico su\u00ed\u00e7o Novatris , atua no controle do carrapato dos bovinos (Boophilus microplus) incluindo as cepas resistentes a organofosforados, amidinas e pireitroide.&nbsp; Al\u00e9m de interromper o ciclo do carrapato, o produto impede sua prolifera\u00e7\u00e3o. O uso correto de Acatak, aplicado no dorso do animal, propicia um controle eficaz do parasita e, com isso, evitam-se perdas de peso e anemia.<\/p>\n<p>O Acatak, dispon\u00edvel no site da Agroline em frascos pl\u00e1sticos contendo 1 litro e 5 litros, \u00e9 de f\u00e1cil administra\u00e7\u00e3o e garante a prote\u00e7\u00e3o do rebanho contra o aparecimento de formas adultas do carrapato, por um per\u00edodo entre 8 e 12 semanas.<\/p>\n<p>Como usar: o Acatak possui n\u00edvel recomendado de dosagem \u00e9 de 2,5 mg \/ Kg de peso corporal, o que se consegue aplicando-se o produto a base de 5.0 ml\/50 Kg de peso corporal, conforme tabela abaixo:<\/p>\n<p>O produto pode ser utilizado tanto para tratamento estrat\u00e9gico quanto curativo, tornando-se o produto ideal para o controle de carrapatos.<\/p>\n<p>F\u00f3rmula:<\/p>\n<p>Cada 100 mL cont\u00e9m:<\/p>\n<p>Fluazuron &#8230;&#8230;&#8230;. 2,5 g<\/p>\n<p>Ve\u00edculo &#8230;q.s.p. &#8230;100 mL<\/p>\n<p>Dosagens:<\/p>\n<p>O n\u00edvel recomendado de dosagem \u00e9 de 2,5 mg \/ Kg de peso corporal, o que se consegue aplicando-se o produto a base de 5.0 ml\/50 Kg de peso corporal, conforme tabela abaixo:<\/p>\n<p>PESO (Kg)&#8230;&#8230;&#8230;&#8230;&#8230;&#8230; Dose (mL)&#8230;&#8230;&#8230;&#8230;&#8230;&#8230;..N\u00ba de Tratamentos por gal\u00e3o<\/p>\n<p>101 &#8211; 150&#8230;&#8230;&#8230;&#8230;&#8230;&#8230;&#8230;&#8230;15&#8230;&#8230;&#8230;&#8230;&#8230;&#8230;&#8230;&#8230;&#8230;&#8230;&#8230;&#8230;&#8230;&#8230;&#8230;..333<\/p>\n<p>151 &#8211; 200&#8230;&#8230;&#8230;&#8230;&#8230;&#8230;&#8230;&#8230;20&#8230;&#8230;&#8230;&#8230;&#8230;&#8230;&#8230;&#8230;&#8230;&#8230;&#8230;&#8230;&#8230;&#8230;&#8230;..250<\/p>\n<p>201 &#8211; 250&#8230;&#8230;&#8230;&#8230;&#8230;&#8230;&#8230;&#8230;25&#8230;&#8230;&#8230;&#8230;&#8230;&#8230;&#8230;&#8230;&#8230;&#8230;&#8230;&#8230;&#8230;&#8230;&#8230;..200<\/p>\n<p>251 &#8211; 300&#8230;&#8230;&#8230;&#8230;&#8230;&#8230;&#8230;&#8230;30&#8230;&#8230;&#8230;&#8230;&#8230;&#8230;&#8230;&#8230;&#8230;&#8230;&#8230;&#8230;&#8230;&#8230;&#8230;..166<\/p>\n<p>301 &#8211; 350&#8230;&#8230;&#8230;&#8230;&#8230;&#8230;&#8230;&#8230;35&#8230;&#8230;&#8230;&#8230;&#8230;&#8230;&#8230;&#8230;&#8230;&#8230;&#8230;&#8230;&#8230;&#8230;&#8230;..142<\/p>\n<p>351 &#8211; 400&#8230;&#8230;&#8230;&#8230;&#8230;&#8230;&#8230;&#8230;40&#8230;&#8230;&#8230;&#8230;&#8230;&#8230;&#8230;&#8230;&#8230;&#8230;&#8230;&#8230;&#8230;&#8230;&#8230;..125<\/p>\n<p>401 &#8211; 450&#8230;&#8230;&#8230;&#8230;&#8230;&#8230;&#8230;&#8230;45&#8230;&#8230;&#8230;&#8230;&#8230;&#8230;&#8230;&#8230;&#8230;&#8230;&#8230;&#8230;&#8230;&#8230;&#8230;..111<\/p>\n<p>451 &#8211; 500&#8230;&#8230;&#8230;&#8230;&#8230;&#8230;&#8230;&#8230;50&#8230;&#8230;&#8230;&#8230;&#8230;&#8230;&#8230;&#8230;&#8230;&#8230;&#8230;&#8230;&#8230;&#8230;&#8230;..100<\/p>\n<p>501 &#8211; 550&#8230;&#8230;&#8230;&#8230;&#8230;&#8230;&#8230;&#8230;55&#8230;&#8230;&#8230;&#8230;&#8230;&#8230;&#8230;&#8230;&#8230;&#8230;&#8230;&#8230;&#8230;&#8230;&#8230;&#8230;90<\/p>\n<p>551 &#8211; 600&#8230;&#8230;&#8230;&#8230;&#8230;&#8230;&#8230;&#8230;60&#8230;&#8230;&#8230;&#8230;&#8230;&#8230;&#8230;&#8230;&#8230;&#8230;&#8230;&#8230;&#8230;&#8230;&#8230;&#8230;83<\/p>\n<p>601 &#8211; 650&#8230;&#8230;&#8230;&#8230;&#8230;&#8230;&#8230;&#8230;65&#8230;&#8230;&#8230;&#8230;&#8230;&#8230;&#8230;&#8230;&#8230;&#8230;&#8230;&#8230;&#8230;&#8230;&#8230;&#8230;76<\/p>\n<p>ACIMA DE 650 KG&#8230;&#8230;&#8230;&#8230;.5 ML\/50 KG.<\/p>\n<p>Tratamentos:<\/p>\n<p>Controle estrat\u00e9gico: Nos locais onde a epidemiologia dos carrapatos \u00e9 bem conhecida, ACATAK Pour-On torna-se o produto ideal para o controle estrat\u00e9gico deste parasita. Nestes casos, a aplica\u00e7\u00e3o de ACATAK Pour-On algumas semanas antes do inicio de infesta\u00e7\u00f5es sazonais, impede o surgimento dos picos de infesta\u00e7\u00e3o subseq\u00fcentes, respons\u00e1veis pelos altos \u00edndices de parasitismo no in\u00edcio da temporada. O tratamento estrat\u00e9gico, quando corretamente utilizado, permite que, com apenas um ou dois tratamentos se mantenha os animais livres de carrapatos. O tratamento estrat\u00e9gico requer que todos os animais da pastagem sejam tratados e que permane\u00e7am sempre na mesma pastagem.<\/p>\n<p>Tratamento profil\u00e1tico: Consiste no tratamento de animais livres de ninfas e adultos. Neste caso, n\u00e3o se observa o desenvolvimento de infesta\u00e7\u00e3o, enquanto a concentra\u00e7\u00e3o sangu\u00ednea da droga se mantiver acima da concentra\u00e7\u00e3o m\u00ednima efetiva. Esse per\u00edodo pode se estender entre 8 e 12 semanas ap\u00f3s o tratamento. Recomenda-se proceder ao tratamento estrat\u00e9gico, antes do inIcio da temporada dos carrapatos.<\/p>\n<p>Tratamento curativo: Bovinos naturalmente infestados apresentam todos os est\u00e1dios do carrapato. Tratamento com ACATAK Pour-On resulta na morte dos parasitas durante as mudan\u00e7as de fase.<\/p>\n<p>ACATAK Pour-On n\u00e3o \u00e9 adulticida. Para o uso de ACATAK Pour-On como tratamento curativo \u00e9 importante levar em conta o grau de infesta\u00e7\u00e3o. Animais que se apresentarem parasitados estar\u00e3o livres das formas adultas cerca de 15 dias ap\u00f3s o tratamento. Se a infesta\u00e7\u00e3o for demasiadamente elevada \u00e9 recomend\u00e1vel proceder ao tratamento com ACATAK Pour-On mais adulticida.&nbsp;<\/p>\n<p>Aplicar ACATAK Pour-On t\u00e3o logo os animais estejam secos ou ent\u00e3o at\u00e9 21 dias ap\u00f3s o banho, de acordo com a performance do adulticida utilizado.<\/p>\n<p>Efeitos Colaterais: Desde que utilizado de acordo com as recomenda\u00e7\u00f5es, o produto n\u00e3o apresenta efeitos colaterais.<\/p>\n<p>Administra\u00e7\u00e3o:<\/p>\n<p>A dose recomendada deve ser administrada em duas faixas, em ambos os lados da linha mediana dorsal, da nuca at\u00e9 a garupa com o aplicador ACATAK Pour-On<\/p>\n<p>Precau\u00e7\u00f5es:<\/p>\n<p>Per\u00edodo de Car\u00eancia:&nbsp;<\/p>\n<p>Suspender a medica\u00e7\u00e3o 42 dias antes do abate de animais destinados ao consumo humano.<\/p>\n<p>Condi\u00e7\u00f5es de Conserva\u00e7\u00e3o:<\/p>\n<p>Manter o produto em local fresco e seco, ao abrigo da luz solar e fora do alcance de crian\u00e7as e animais dom\u00e9sticos.<\/p>\n<p>Restri\u00e7\u00f5es de Uso:&nbsp;<\/p>\n<p>N\u00e3o administrar a vacas leiteiras em idade de reprodu\u00e7\u00e3o. Observar o per\u00edodo de car\u00eancia ao abater bezerros com menos de 10 meses de idade que estejam sendo amamentados por vacas tratadas<\/p>\n","protected":false},"excerpt":{"rendered":"<p>Acatak Pour On, do grupo farmac\u00eautico su\u00ed\u00e7o Novatris , atua no controle do carrapato dos bovinos (Boophilus microplus) incluindo as cepas resistentes<\/p>\n","protected":false},"featured_media":16283,"template":"","meta":{"_acf_changed":false},"product_brand":[],"product_cat":[167],"product_tag":[1081],"class_list":{"0":"post-16282","1":"product","2":"type-product","3":"status-publish","4":"has-post-thumbnail","6":"product_cat-vermifugos-e-carrapaticidas","7":"product_tag-elanco","9":"first","10":"instock","11":"purchasable","12":"product-type-simple"},"acf":[],"_links":{"self":[{"href":"https:\/\/vetsul.com\/index.php\/wp-json\/wp\/v2\/product\/16282","targetHints":{"allow":["GET"]}}],"collection":[{"href":"https:\/\/vetsul.com\/index.php\/wp-json\/wp\/v2\/product"}],"about":[{"href":"https:\/\/vetsul.com\/index.php\/wp-json\/wp\/v2\/types\/product"}],"wp:featuredmedia":[{"embeddable":true,"href":"https:\/\/vetsul.com\/index.php\/wp-json\/wp\/v2\/media\/16283"}],"wp:attachment":[{"href":"https:\/\/vetsul.com\/index.php\/wp-json\/wp\/v2\/media?parent=16282"}],"wp:term":[{"taxonomy":"product_brand","embeddable":true,"href":"https:\/\/vetsul.com\/index.php\/wp-json\/wp\/v2\/product_brand?post=16282"},{"taxonomy":"product_cat","embeddable":true,"href":"https:\/\/vetsul.com\/index.php\/wp-json\/wp\/v2\/product_cat?post=16282"},{"taxonomy":"product_tag","embeddable":true,"href":"https:\/\/vetsul.com\/index.php\/wp-json\/wp\/v2\/product_tag?post=16282"}],"curies":[{"name":"wp","href":"https:\/\/api.w.org\/{rel}","templated":true}]}}