{"id":16246,"date":"2018-01-02T15:25:14","date_gmt":"2018-01-02T17:25:14","guid":{"rendered":"http:\/\/35.194.95.18\/wp-admin\/?post_type=product&#038;p=16246"},"modified":"2025-08-09T11:07:12","modified_gmt":"2025-08-09T14:07:12","slug":"dectomax-500-ml-doramectina-1","status":"publish","type":"product","link":"https:\/\/vetsul.com\/index.php\/product\/dectomax-500-ml-doramectina-1\/","title":{"rendered":"DECTOMAX 500 ML &#8211; DORAMECTINA 1%"},"content":{"rendered":"<p>Descri\u00e7\u00e3o:<\/p>\n<p>Dectomax\u00ae \u00e9 um parasiticida injet\u00e1vel de amplo espectro para bovinos, su\u00ednos e ovinos. Uma inje\u00e7\u00e3o de pequeno volume controla eficazmente uma ampla variedade de vermes redondos e artr\u00f3podes que comprometem a sa\u00fade e a produtividade dos bovinos, su\u00ednos e ovinos.<\/p>\n<p>Dectomax\u00ae possui ampla margem de seguran\u00e7a, \u00e9 excepcionalmente bem tolerado e f\u00e1cil de aplicar, tornando-se particularmente adequado para o controle dos parasitos dos ovinos, su\u00ednos, ovinos.<\/p>\n<p>Composi\u00e7\u00e3o:<\/p>\n<p>Cada 100 mL cont\u00e9m: 1,0 g de doramectina e 100,0 mL de ve\u00edculo q.s.p.<\/p>\n<p>Indica\u00e7\u00f5es:<\/p>\n<p>Bovinos: tratamento e controle das parasitoses causadas por nemat\u00f3deos (vermes) gastrointestinais e pulmonares, mi\u00edases (bicheiras), carrapatos, bernes, piolhos, \u00e1caros da sarna, e como auxiliar no controle da popula\u00e7\u00e3o de mosca-dos-chifres dos bovinos.<\/p>\n<p>Ovinos: tratamento e controle das parasitoses causadas por nemat\u00f3deos (vermes) gastrointestinais, mi\u00edases (bicheiras), bernes (bicho-da-cabe\u00e7a) e \u00e1caros da sarna dos ovinos.<\/p>\n<p>Su\u00ednos: tratamento e controle das parasitoses causadas por nemat\u00f3deos (vermes) gastrointestinais, pulmonares e renais, piolhos e \u00e1caros da sarna dos su\u00ednos.<\/p>\n<p>Posologia e modo de usar:<\/p>\n<p>Bovinos e ovinos: por via subcut\u00e2nea ou intramuscular. Injetar nas \u00e1reas de pele solta do pesco\u00e7o, na frente ou atr\u00e1s da paleta ou no m\u00fasculo do pesco\u00e7o. Dose de 1 mL para cada 50 kg de peso. Para o tratamento e controle dos \u00e1caros da sarna dos ovinos, recomenda-se a dose de 1 mL\/33 kg de peso.<\/p>\n<p>Su\u00ednos: por via intramuscular. Os animais dever\u00e3o ser muito bem contidos para assegurar a aplica\u00e7\u00e3o da dosagem indicada. Dose de 1 mL para cada 33 kg de peso.<\/p>\n<p>Per\u00edodo de car\u00eancia e precau\u00e7\u00f5es:<\/p>\n<p>Leite: n\u00e3o aplicar em vacas produzindo leite para consumo humano.<\/p>\n<p>Carne: n\u00e3o utilizar a carne dos bovinos e ovinos para consumo humano antes do prazo de 35 dias ap\u00f3s o tratamento. N\u00e3o utilizar a carne de su\u00ednos para consumo humano antes do prazo de 28 dias ap\u00f3s o tratamento.<\/p>\n<p>Apresenta\u00e7\u00e3o:<\/p>\n<p>Frasco-ampola de vidro \u00e2mbar contendo 50, 200 ou 500 mL.<\/p>\n<p>&nbsp;<\/p>\n","protected":false},"excerpt":{"rendered":"<p>Descri\u00e7\u00e3o: Dectomax\u00ae \u00e9 um parasiticida injet\u00e1vel de amplo espectro para bovinos, su\u00ednos e ovinos. Uma inje\u00e7\u00e3o de pequeno volume controla eficazmente uma<\/p>\n","protected":false},"featured_media":16247,"template":"","meta":{"_acf_changed":false},"product_brand":[],"product_cat":[164,163,167],"product_tag":[1010],"class_list":{"0":"post-16246","1":"product","2":"type-product","3":"status-publish","4":"has-post-thumbnail","6":"product_cat-bovinos-e-ovinos","7":"product_cat-equinos","8":"product_cat-vermifugos-e-carrapaticidas","9":"product_tag-pfizer","11":"first","12":"instock","13":"shipping-taxable","14":"purchasable","15":"product-type-simple"},"acf":[],"_links":{"self":[{"href":"https:\/\/vetsul.com\/index.php\/wp-json\/wp\/v2\/product\/16246","targetHints":{"allow":["GET"]}}],"collection":[{"href":"https:\/\/vetsul.com\/index.php\/wp-json\/wp\/v2\/product"}],"about":[{"href":"https:\/\/vetsul.com\/index.php\/wp-json\/wp\/v2\/types\/product"}],"wp:featuredmedia":[{"embeddable":true,"href":"https:\/\/vetsul.com\/index.php\/wp-json\/wp\/v2\/media\/16247"}],"wp:attachment":[{"href":"https:\/\/vetsul.com\/index.php\/wp-json\/wp\/v2\/media?parent=16246"}],"wp:term":[{"taxonomy":"product_brand","embeddable":true,"href":"https:\/\/vetsul.com\/index.php\/wp-json\/wp\/v2\/product_brand?post=16246"},{"taxonomy":"product_cat","embeddable":true,"href":"https:\/\/vetsul.com\/index.php\/wp-json\/wp\/v2\/product_cat?post=16246"},{"taxonomy":"product_tag","embeddable":true,"href":"https:\/\/vetsul.com\/index.php\/wp-json\/wp\/v2\/product_tag?post=16246"}],"curies":[{"name":"wp","href":"https:\/\/api.w.org\/{rel}","templated":true}]}}