{"id":16242,"date":"2018-01-02T15:11:32","date_gmt":"2018-01-02T17:11:32","guid":{"rendered":"http:\/\/35.194.95.18\/wp-admin\/?post_type=product&#038;p=16242"},"modified":"2025-08-09T11:07:12","modified_gmt":"2025-08-09T14:07:12","slug":"d-500-50-ml","status":"publish","type":"product","link":"https:\/\/vetsul.com\/index.php\/product\/d-500-50-ml\/","title":{"rendered":"D-500 &#8211; 50 ML"},"content":{"rendered":"<p>F\u00f3rmula:<\/p>\n<p>Dipirona S\u00f3dica &#8230;&#8230;&#8230;&#8230;&#8230;&#8230;&#8230;&#8230;&#8230;&#8230;&#8230;&#8230;&#8230;&#8230;&#8230;&#8230;&#8230;&#8230;&#8230;&#8230;500mg<\/p>\n<p>Ve\u00edculo aquoso q.s.p. &#8230;&#8230;&#8230;&#8230;&#8230;&#8230;&#8230;&#8230;&#8230;&#8230;&#8230;&#8230;&#8230;&#8230;&#8230;&#8230;&#8230;&#8230;..1ml<\/p>\n<p>Indica\u00e7\u00f5es:<\/p>\n<p>D-500 \u00e9 um analg\u00e9sico, com a\u00e7\u00e3o anti-pir\u00e9tica e antiflog\u00edstica, indicado no tratamento das dores do sistema muscular, esquel\u00e9tico e visceral, influenciando outrossim o al\u00edvio das inflama\u00e7\u00f5es e dos estados frebris. Recomendado para todas as esp\u00e9cies animais no combate \u00e0 dor das c\u00f3licas, feridas, ap\u00f3s interven\u00e7\u00f5es cir\u00fargicas, durante o parto, nas inflama\u00e7\u00f5es das articula\u00e7\u00f5es; como anti-pir\u00e9tico nos estados febris.<\/p>\n<p>Acalma a intranq\u00fcilidade e rebeldia dos animais,principalmente dos eq\u00fcinos.N\u00e3o possui a\u00e7\u00e3o narc\u00f3tica nem ester\u00f3idica.<\/p>\n<p>Dosagem:<\/p>\n<p>Animais de grande porte, adultos (bovinos e eq\u00fcinos):<\/p>\n<p>20 ml por vez;<\/p>\n<p>Animais de m\u00e9dio porte (potros, bezerros, ovinos e su\u00ednos): 10 ml por vez;<\/p>\n<p>C\u00e3es e outros animais de porte semelhante: 1 a 5 ml por vez.<\/p>\n<p>Cabe ao M\u00e9dico orientar sobre a repeti\u00e7\u00e3o das doses nas 24 horas.<\/p>\n<p>Administra\u00e7\u00e3o:<\/p>\n<p>Administrar em inje\u00e7\u00f5es intramusculares ou endovenosas.<\/p>\n<p>Precau\u00e7\u00f5es:<\/p>\n<p>Nota: Usar doses moderadas em animais muito velhos ou gravemente enfermos. N\u00e3o aplicar em eq\u00fcinos nos 5 dias antes das competi\u00e7\u00f5es.<\/p>\n<p>Venda sob prescri\u00e7\u00e3o e aplica\u00e7\u00e3o sob orienta\u00e7\u00e3o do M\u00e9dico Veterin\u00e1rio. Manter os frascos ao abrigo da luz solar.<\/p>\n<p>Apresenta\u00e7\u00e3o:<\/p>\n<p>Frascos ampola de 50 ml.<\/p>\n<p>Classe Terap\u00eautica:<\/p>\n<p>ANTI-INFLAMAT\u00d3RIOS, ANTI-PIR\u00c9TICOS, ANTI-ALERGICOS E ANALG\u00c9SICOS<\/p>\n<p>Princ\u00edpio(s) Ativo(s):<\/p>\n<p>DIPIRONA<\/p>\n<p>Registro no Minist\u00e9rio da Agricultura, Pecu\u00e1ria e Abastecimento:<\/p>\n<p>1416\/81<\/p>\n","protected":false},"excerpt":{"rendered":"<p>F\u00f3rmula: Dipirona S\u00f3dica &#8230;&#8230;&#8230;&#8230;&#8230;&#8230;&#8230;&#8230;&#8230;&#8230;&#8230;&#8230;&#8230;&#8230;&#8230;&#8230;&#8230;&#8230;&#8230;&#8230;500mg Ve\u00edculo aquoso q.s.p. &#8230;&#8230;&#8230;&#8230;&#8230;&#8230;&#8230;&#8230;&#8230;&#8230;&#8230;&#8230;&#8230;&#8230;&#8230;&#8230;&#8230;&#8230;..1ml Indica\u00e7\u00f5es: D-500 \u00e9 um analg\u00e9sico, com a\u00e7\u00e3o anti-pir\u00e9tica e antiflog\u00edstica, indicado no tratamento das<\/p>\n","protected":false},"featured_media":16243,"template":"","meta":{"_acf_changed":false},"product_brand":[970],"product_cat":[168,174,179],"product_tag":[822],"class_list":{"0":"post-16242","1":"product","2":"type-product","3":"status-publish","4":"has-post-thumbnail","6":"product_brand-zoetis","7":"product_cat-anti-inflamatorios","8":"product_cat-anti-inflamatorios-3","9":"product_cat-anti-inflamatorio","10":"product_tag-zoetis","12":"first","13":"instock","14":"purchasable","15":"product-type-simple"},"acf":[],"_links":{"self":[{"href":"https:\/\/vetsul.com\/index.php\/wp-json\/wp\/v2\/product\/16242","targetHints":{"allow":["GET"]}}],"collection":[{"href":"https:\/\/vetsul.com\/index.php\/wp-json\/wp\/v2\/product"}],"about":[{"href":"https:\/\/vetsul.com\/index.php\/wp-json\/wp\/v2\/types\/product"}],"wp:featuredmedia":[{"embeddable":true,"href":"https:\/\/vetsul.com\/index.php\/wp-json\/wp\/v2\/media\/16243"}],"wp:attachment":[{"href":"https:\/\/vetsul.com\/index.php\/wp-json\/wp\/v2\/media?parent=16242"}],"wp:term":[{"taxonomy":"product_brand","embeddable":true,"href":"https:\/\/vetsul.com\/index.php\/wp-json\/wp\/v2\/product_brand?post=16242"},{"taxonomy":"product_cat","embeddable":true,"href":"https:\/\/vetsul.com\/index.php\/wp-json\/wp\/v2\/product_cat?post=16242"},{"taxonomy":"product_tag","embeddable":true,"href":"https:\/\/vetsul.com\/index.php\/wp-json\/wp\/v2\/product_tag?post=16242"}],"curies":[{"name":"wp","href":"https:\/\/api.w.org\/{rel}","templated":true}]}}