{"id":16234,"date":"2018-01-02T14:47:18","date_gmt":"2018-01-02T16:47:18","guid":{"rendered":"http:\/\/35.194.95.18\/wp-admin\/?post_type=product&#038;p=16234"},"modified":"2025-04-04T09:33:57","modified_gmt":"2025-04-04T12:33:57","slug":"cydectin-nf-moxidectina-1-injet-vel-500-ml","status":"publish","type":"product","link":"https:\/\/vetsul.com\/index.php\/product\/cydectin-nf-moxidectina-1-injet-vel-500-ml\/","title":{"rendered":"CYDECTIN NF &#8211; MOXIDECTINA 1% INJET\u00c1VEL 500 ML"},"content":{"rendered":"<p>Cydectin Injet\u00e1vel campe\u00e3o de ganho de peso na termina\u00e7\u00e3o, excelente controle de carrapato e verme.<\/p>\n<p>O Cydectin \u00e9 uma solu\u00e7\u00e3o est\u00e9ril injet\u00e1vel, para uso no tratamento e controle de parasitas externos e internos de bovinos. O medicamento \u00e9 fabricado pela Zoetis, uma companhia com mais de 60 anos de tradi\u00e7\u00e3o na fabrica\u00e7\u00e3o de medicamentos e vacinas para animais de companhia e de cria\u00e7\u00e3o.<\/p>\n<p>Seu diferencial est\u00e1 na sua estrutura qu\u00edmica, fazendo com que seu princ\u00edpio ativo atinja concentra\u00e7\u00e3o plasm\u00e1tica total em apenas 19 horas. Diferentemente da ivermectina, que demora cerca de quatro dias para atingir efici\u00eancia m\u00e1xima. Outro ponto importante \u00e9 que a mol\u00e9cula de Cydectin fica concentrada no tecido e vai sendo liberada lentamente para a corrente sangu\u00ednea e tecidos-alvo, garantindo a atividade parasiticida.<\/p>\n<p>Como usar: O Cydectin deve ser aplicado de maneira subcut\u00e2nea, a frente ou atr\u00e1s da esc\u00e1pula. Mas, em bovinos com mais de 500 kg, a dose deve ser dividida e aplicada em locais diferentes.<\/p>\n<p>Leia sempre a bula do Cydectin com aten\u00e7\u00e3o e, se tiver alguma d\u00favida, entre em contato com a equipe da Agroline est\u00e1 sempre \u00e0 disposi\u00e7\u00e3o.<\/p>\n<p>F\u00f3rmula:<\/p>\n<p>Cada 100 ml cont\u00e9m:<\/p>\n<p>Moxidectina&#8230;&#8230;&#8230;&#8230;&#8230;&#8230;&#8230;&#8230;&#8230;&#8230;&#8230;&#8230;&#8230;&#8230;&#8230;&#8230;&#8230;&#8230;&#8230;&#8230;&#8230;&#8230;&#8230;&#8230;&#8230;&#8230;&#8230;&#8230;&#8230;&#8230;&#8230;&#8230;&#8230;&#8230;&#8230;&#8230;&#8230;&#8230;&#8230;&#8230;&#8230;&#8230;..1g<\/p>\n<p>Ve\u00edculo q.s.p. &#8230;&#8230;&#8230;&#8230;&#8230;&#8230;&#8230;&#8230;&#8230;&#8230;&#8230;&#8230;&#8230;&#8230;&#8230;&#8230;&#8230;&#8230;&#8230;&#8230;&#8230;&#8230;&#8230;&#8230;&#8230;&#8230;&#8230;&#8230;&#8230;&#8230;&#8230;&#8230;&#8230;&#8230;&#8230;&#8230;&#8230;&#8230;&#8230;..100ml<\/p>\n<p>Indica\u00e7\u00f5es:<\/p>\n<p>CYDECTIN, administrado na dose recomendada, promove o tratamento e controle dos seguintes parasitas internos e externos de bovinos:<\/p>\n<p>Parasitas Gastrintestinais: (est\u00e1gios adultos e imaturos)<\/p>\n<p>Ostertagia ostertagi (incluindo seu est\u00e1gio hipobi\u00f3tico);<\/p>\n<p>Ostertagia lyrata;<\/p>\n<p>Haemonchus placei;<\/p>\n<p>Trichostrongylus axei;<\/p>\n<p>Trichostrongylus colubriformis;<\/p>\n<p>Cooperia punctata;<\/p>\n<p>Cooperia pectinata;<\/p>\n<p>Cooperia oncophora;<\/p>\n<p>Cooperia spatulata;<\/p>\n<p>Oesophagostomun radiatum;<\/p>\n<p>Nematodirus spathiger;<\/p>\n<p>Bunostomum phlebotomum;<\/p>\n<p>Trichuris discolor.<\/p>\n<p>Verme Pulmonar<\/p>\n<p>Dictyocaulus viviparus<\/p>\n<p>CYDECTIN, na mesma dose recomendada, \u00e9 tamb\u00e9m efetivo contra os seguintes parasitas externos:<\/p>\n<p>Sarna: Psoroptes bovis<\/p>\n<p>Piolhos: Linognathus vituli; Haematopinus eurysternus; Solenopotes capillatus.<\/p>\n<p>Carrapato: Boophilus microplus<\/p>\n<p>Hypoderma sp.<\/p>\n<p>&nbsp;Dosagem:<\/p>\n<p>Na dose de 1 ml do produto para cada 50kg de peso corporal, que fornece 0,2 mg de Moxidectina por kg.<\/p>\n<p>Recomenda-se separar os animais em grupo de acordo com o peso e usar a tabela a seguir para orientar a dose.<\/p>\n<p>Peso (kg) Dose (ml)<\/p>\n<p>50 1<\/p>\n<p>100 2<\/p>\n<p>150 3<\/p>\n<p>200 4<\/p>\n<p>250 5<\/p>\n<p>300 6<\/p>\n<p>350 7<\/p>\n<p>400 8<\/p>\n<p>450 9<\/p>\n<p>500 10<\/p>\n<p>Administra\u00e7\u00e3o:<\/p>\n<p>CYDECTIN deve ser aplicado por via subcut\u00e2nea na frente ou atr\u00e1s da esc\u00e1pula, Usar agulha de 10 a 15 mm, calibre 16.<\/p>\n<p>Utilizar sempre material est\u00e9ril e observar as pr\u00e1ticas usuais de assepsia.<\/p>\n<p>Recomenda-se separar os animais em grupos de acordo com o peso e usar a tabela a seguir para orientar a dose.<\/p>\n<p>&nbsp;Precau\u00e7\u00f5es:<\/p>\n<p>Observar per\u00edodo de car\u00eancia de 28 dias entre o \u00faltimo tratamento e o abate de animais destinados ao consumo humano.<\/p>\n<p>N\u00e3o utilizar em f\u00eameas leiteiras lactantes, cujo leite destina-se ao consumo humano &#8220;in natura&#8221; ou industrializado.<\/p>\n<p>Deve ser mantida a dose de 1 ml para cada 50 kg de peso corporal. Em caso de bovinos com peso acima de 500 kg, recomenda-se dividir o volume da dose, aplicando -se em locais diferentes.<\/p>\n<p>Manter o produto em sua embalagem original, em local fresco e seco, protegido da luz solar.<\/p>\n<p>Assim como todo medicamento, CYDECTIN deve ser armazenado fora do alcance das crian\u00e7as e animais dom\u00e9sticos.<\/p>\n<p>Recomenda\u00e7\u00f5es:<\/p>\n<p>Consulte seu veterin\u00e1rio para assist\u00eancia no diagn\u00f3stico, tratamento e controle das enfermidades parasit\u00e1rias.<\/p>\n<p>Venda sob prescri\u00e7\u00e3o e aplica\u00e7\u00e3o sob orienta\u00e7\u00e3o do M\u00e9dico Veterin\u00e1rio.<\/p>\n<p><\/p>\n","protected":false},"excerpt":{"rendered":"<p>Cydectin Injet\u00e1vel campe\u00e3o de ganho de peso na termina\u00e7\u00e3o, excelente controle de carrapato e verme. O Cydectin \u00e9 uma solu\u00e7\u00e3o est\u00e9ril injet\u00e1vel,<\/p>\n","protected":false},"featured_media":16235,"template":"","meta":{"_acf_changed":false},"product_brand":[970],"product_cat":[167],"product_tag":[822],"class_list":{"0":"post-16234","1":"product","2":"type-product","3":"status-publish","4":"has-post-thumbnail","6":"product_brand-zoetis","7":"product_cat-vermifugos-e-carrapaticidas","8":"product_tag-zoetis","10":"first","11":"instock","12":"shipping-taxable","13":"purchasable","14":"product-type-simple"},"acf":[],"_links":{"self":[{"href":"https:\/\/vetsul.com\/index.php\/wp-json\/wp\/v2\/product\/16234","targetHints":{"allow":["GET"]}}],"collection":[{"href":"https:\/\/vetsul.com\/index.php\/wp-json\/wp\/v2\/product"}],"about":[{"href":"https:\/\/vetsul.com\/index.php\/wp-json\/wp\/v2\/types\/product"}],"wp:featuredmedia":[{"embeddable":true,"href":"https:\/\/vetsul.com\/index.php\/wp-json\/wp\/v2\/media\/16235"}],"wp:attachment":[{"href":"https:\/\/vetsul.com\/index.php\/wp-json\/wp\/v2\/media?parent=16234"}],"wp:term":[{"taxonomy":"product_brand","embeddable":true,"href":"https:\/\/vetsul.com\/index.php\/wp-json\/wp\/v2\/product_brand?post=16234"},{"taxonomy":"product_cat","embeddable":true,"href":"https:\/\/vetsul.com\/index.php\/wp-json\/wp\/v2\/product_cat?post=16234"},{"taxonomy":"product_tag","embeddable":true,"href":"https:\/\/vetsul.com\/index.php\/wp-json\/wp\/v2\/product_tag?post=16234"}],"curies":[{"name":"wp","href":"https:\/\/api.w.org\/{rel}","templated":true}]}}