{"id":16212,"date":"2018-01-02T11:43:48","date_gmt":"2018-01-02T13:43:48","guid":{"rendered":"http:\/\/35.194.95.18\/wp-admin\/?post_type=product&#038;p=16212"},"modified":"2025-04-04T09:33:50","modified_gmt":"2025-04-04T12:33:50","slug":"colosso-fc-30-pulveriza-ao-1-litro","status":"publish","type":"product","link":"https:\/\/vetsul.com\/index.php\/product\/colosso-fc-30-pulveriza-ao-1-litro\/","title":{"rendered":"COLOSSO FC-30 &#8211; PULVERIZA\u00c7\u00c3O 1 LITRO"},"content":{"rendered":"<p>Carrapaticida, Mosquicida e Bernicida para Pulveriza\u00e7\u00e3o em Bovinos.<\/p>\n<p><\/p>\n<p>Mecanismo de a\u00e7\u00e3o:<\/p>\n<p><\/p>\n<p>Organofosforados: Clorpirif\u00f3s e Fenthion<\/p>\n<p><\/p>\n<p>O Clorpirif\u00f3s e o Fenthion s\u00e3o inseticidas organofosforados com amplo espectro de a\u00e7\u00e3o (APVMA, 2005). Os organofosforados s\u00e3o compostos org\u00e2nicos derivados do \u00e1cido fosf\u00f3rico (SPINOSA et al., 2006) e, como outros componentes dessa classe, inibem de modo irrevers\u00edvel a acetilcolinesterase (AChE), enzima respons\u00e1vel por regular a neurotransmiss\u00e3o de impulsos nervosos na membrana sin\u00e1ptica. A inibi\u00e7\u00e3o pelo organofosforado impede a enzima de exercer sua fun\u00e7\u00e3o na transmiss\u00e3o sin\u00e1ptica, desencadeando em paralisia esp\u00e1stica, elimina\u00e7\u00e3o e morte do parasito (ADAMS, 2003; SPINOSA et al., 2006).<\/p>\n<p><\/p>\n<p>Piretroide: Cipermetrina<\/p>\n<p><\/p>\n<p>Os piretroides possuem propriedades lipof\u00edlicas que facilitam sua penetra\u00e7\u00e3o nos artr\u00f3podes atrav\u00e9s de sua cut\u00edcula rica em lip\u00eddeos. Uma vez absorvidos, os piretroides s\u00e3o levados pela hemolinfa para as c\u00e9lulas nervosas. O s\u00edtio de a\u00e7\u00e3o s\u00e3o os canais de s\u00f3dio, onde prolongar\u00e1 o est\u00e1gio de abertura desses canais, levando a c\u00e9lula a um p\u00f3s-potencial positivo e a supress\u00e3o do per\u00edodo refrat\u00e1rio, com despolariza\u00e7\u00e3o da membrana e consequente morte do parasito (SPINOSA et al., 2006).<\/p>\n<p>F\u00f3rmula:<\/p>\n<p><\/p>\n<p>Cada 100 mL cont\u00e9m:<\/p>\n<p><\/p>\n<p>Clorpirif\u00f3s &#8230;&#8230;&#8230;&#8230;&#8230;&#8230;&#8230;&#8230; 30,0 g<\/p>\n<p><\/p>\n<p>Cipermetrina &#8230;&#8230;&#8230;&#8230;&#8230;&#8230;. 15,0 g<\/p>\n<p><\/p>\n<p>Fenthion &#8230;&#8230;&#8230;&#8230;&#8230;&#8230;&#8230;&#8230;&#8230; 15,0 g<\/p>\n<p><\/p>\n<p>Ve\u00edculo q.s.p. &#8230;&#8230;&#8230;&#8230;.. 100,0 mL<\/p>\n<p><\/p>\n<p>&nbsp;<\/p>\n<p><\/p>\n<p>Indica\u00e7\u00f5es principais:<\/p>\n<p><\/p>\n<p>COLOSSO FC30 \u00e9 indicado para o tratamento contra carrapatos Riphicephalus (Boophilus) microplus, mosca-dos-chifres (Haematobia irritans) e bernes (larvas de Dermatobia hominis) em bovinos.<\/p>\n<p><\/p>\n<p>&nbsp;<\/p>\n<p><\/p>\n<p>Dosagens e modo de usar:<\/p>\n<p><\/p>\n<p>Diluir 25 mL de COLOSSO FC30 em 20 litros de \u00e1gua limpa (1:800) e agitar bem at\u00e9 a completa homogeneiza\u00e7\u00e3o da calda.&nbsp;<\/p>\n<p><\/p>\n<p>&nbsp;<\/p>\n<p><\/p>\n<p>Com a calda, pulverizar toda a superf\u00edcie do animal incluindo orelhas, barbela, axilas, virilhas, o in\u00edcio da cauda e toda parte inferior do animal, deixando-o completamente molhado e garantindo assim um banho completo e que todas as partes do corpo recebam o produto. 3 a 5 litros de calda geralmente s\u00e3o suficientes para molhar todo o animal, o que corresponde a aproximadamente 3,7 a 6,2 mL de COLOSSO FC30 \/animal; tratamento em dose \u00fanica.<\/p>\n<p><\/p>\n<p>A aplica\u00e7\u00e3o de COLOSSO FC30deve ser feita individualmente, com o animal contido. O equipamento para aplica\u00e7\u00e3o deve possibilitar um banho com press\u00e3o forte o suficiente para pulverizar o produto na forma de uma nuvem de got\u00edculas para que cheguem at\u00e9 o couro do animal. O bico utilizado no equipamento deve ser em forma de leque, a aplica\u00e7\u00e3o de cima para baixo no sentido contr\u00e1rio ao dos pelos e sempre a favor do vento, para a prote\u00e7\u00e3o do aplicador.&nbsp;<\/p>\n<p><\/p>\n<p>Ap\u00f3s o banho, o animal deve ficar completamente molhado, para que o produto atinja at\u00e9 mesmo os carrapatos pequenos e em partes do corpo onde n\u00e3o s\u00e3o vistos com facilidade. Deve-se evitar pulverizar o animal nas horas mais quentes do dia, sendo prefer\u00edvel a parte da manh\u00e3 (bem cedo) ou ao anoitecer (fim de tarde).&nbsp;<\/p>\n<p><\/p>\n<p>Na ocorr\u00eancia de chuva, n\u00e3o repetir a aplica\u00e7\u00e3o do produto e respeitar o per\u00edodo de car\u00eancia. Ap\u00f3s a dissolu\u00e7\u00e3o, a calda contendo COLOSSO FC30 dever\u00e1 ser utilizada em at\u00e9 24 horas. As pr\u00e1ticas de manejo existentes em cada propriedade como a rota\u00e7\u00e3o de pastagens, instala\u00e7\u00f5es, densidade animal, assim como caracter\u00edsticas gen\u00e9ticas ou raciais, podem influenciar na incid\u00eancia de ectoparasitas.&nbsp;<\/p>\n<p><\/p>\n<p>Assim, cada propriedade rural poder\u00e1 apresentar necessidades diferentes para o controle parasit\u00e1rio, sendo recomendado o controle integrado e estrat\u00e9gico de parasitas, a ser&nbsp; definido pelo m\u00e9dico veterin\u00e1rio.<\/p>\n<p><\/p>\n<p>&nbsp;<\/p>\n<p><\/p>\n<p>Restri\u00e7\u00f5es de uso:<\/p>\n<p><\/p>\n<p>N\u00e3o utilizar em bezerros com menos de 3 meses de idade. N\u00e3o utilizar em animais estressados, doentes ou convalescentes; cansados, sedentos ou debilitados.<\/p>\n<p><\/p>\n<p>N\u00e3o administrar em pele lesionada. N\u00e3o administrar em animais com hipersensibilidade conhecida aos compostos do produto. N\u00e3o aplicar o produto em horas de calor muito intenso.<\/p>\n<p><\/p>\n<p>&nbsp;<\/p>\n<p><\/p>\n<p>Precau\u00e7\u00f5es:<\/p>\n<p><\/p>\n<p>Obedecer \u00e0s dosagens recomendadas para uso do produto. Somente o m\u00e9dico veterin\u00e1rio est\u00e1 apto a fazer altera\u00e7\u00f5es nestas dosagens.<\/p>\n<p><\/p>\n<p>N\u00e3o utilizar produto com prazo de validade vencido. N\u00e3o guardar ou aplicar junto de alimentos, bebidas, medicamentos, produtos de higiene ou dom\u00e9sticos. N\u00e3o comer, beber ou fumar durante o manuseio do produto. Evitar o contato com a pele, olhos e a boca. Desde o in\u00edcio da dilui\u00e7\u00e3o do produto at\u00e9 sua aplica\u00e7\u00e3o, o aplicador dever\u00e1 estar protegido com roupas, luvas e m\u00e1scara e a aplica\u00e7\u00e3o dever\u00e1 ocorrer sempre a favor do vento.&nbsp;<\/p>\n<p><\/p>\n<p>N\u00e3o aplicar o produto contra o vento. Ap\u00f3s a aplica\u00e7\u00e3o do produto, remover as luvas e lavar&nbsp; em as m\u00e3os; tomar banho imediatamente ap\u00f3s o t\u00e9rmino da aplica\u00e7\u00e3o. N\u00e3o manusear o produto com as m\u00e3os desprotegidas.&nbsp;<\/p>\n<p><\/p>\n<p>N\u00e3o utilizar equipamento com vazamento; n\u00e3o desentupir bicos, orif\u00edcios e v\u00e1lvulas com a boca. N\u00e3o contaminar cole\u00e7\u00f5es de \u00e1gua de qualquer natureza; descartar as embalagens vazias e restos de produto, bem como limpar os equipamentos ou recipientes usados de forma segura, adequada e conforme a legisla\u00e7\u00e3o vigente, evitando a contamina\u00e7\u00e3o do meio ambiente.<\/p>\n","protected":false},"excerpt":{"rendered":"<p>Carrapaticida, Mosquicida e Bernicida para Pulveriza\u00e7\u00e3o em Bovinos. Mecanismo de a\u00e7\u00e3o: Organofosforados: Clorpirif\u00f3s e Fenthion O Clorpirif\u00f3s e o Fenthion s\u00e3o inseticidas<\/p>\n","protected":false},"featured_media":16213,"template":"","meta":{"_acf_changed":false},"product_brand":[955],"product_cat":[167],"product_tag":[1071,1030],"class_list":{"0":"post-16212","1":"product","2":"type-product","3":"status-publish","4":"has-post-thumbnail","6":"product_brand-ouro-fino","7":"product_cat-vermifugos-e-carrapaticidas","8":"product_tag-colosso-fc-30","9":"product_tag-ouro-fino","11":"first","12":"instock","13":"purchasable","14":"product-type-simple"},"acf":[],"_links":{"self":[{"href":"https:\/\/vetsul.com\/index.php\/wp-json\/wp\/v2\/product\/16212","targetHints":{"allow":["GET"]}}],"collection":[{"href":"https:\/\/vetsul.com\/index.php\/wp-json\/wp\/v2\/product"}],"about":[{"href":"https:\/\/vetsul.com\/index.php\/wp-json\/wp\/v2\/types\/product"}],"wp:featuredmedia":[{"embeddable":true,"href":"https:\/\/vetsul.com\/index.php\/wp-json\/wp\/v2\/media\/16213"}],"wp:attachment":[{"href":"https:\/\/vetsul.com\/index.php\/wp-json\/wp\/v2\/media?parent=16212"}],"wp:term":[{"taxonomy":"product_brand","embeddable":true,"href":"https:\/\/vetsul.com\/index.php\/wp-json\/wp\/v2\/product_brand?post=16212"},{"taxonomy":"product_cat","embeddable":true,"href":"https:\/\/vetsul.com\/index.php\/wp-json\/wp\/v2\/product_cat?post=16212"},{"taxonomy":"product_tag","embeddable":true,"href":"https:\/\/vetsul.com\/index.php\/wp-json\/wp\/v2\/product_tag?post=16212"}],"curies":[{"name":"wp","href":"https:\/\/api.w.org\/{rel}","templated":true}]}}