{"id":16202,"date":"2018-01-02T11:24:02","date_gmt":"2018-01-02T13:24:02","guid":{"rendered":"http:\/\/35.194.95.18\/wp-admin\/?post_type=product&#038;p=16202"},"modified":"2025-02-07T16:00:05","modified_gmt":"2025-02-07T19:00:05","slug":"claudisal-50ml","status":"publish","type":"product","link":"https:\/\/vetsul.com\/index.php\/product\/claudisal-50ml\/","title":{"rendered":"Claudisal 50ml"},"content":{"rendered":"<p>ANALG\u00c9SICO, ANTIRREUM\u00c1TICO E ANTIPIR\u00c9TICO<\/p>\n<p>USO VETERIN\u00c1RIO<\/p>\n<p>SOLU\u00c7\u00c3O INJET\u00c1VEL<\/p>\n<p>F\u00d3RMULA:<\/p>\n<p>Cada 10mL cont\u00e9m:<\/p>\n<p>Salicilato de S\u00f3dio &#8230;&#8230;&#8230;&#8230;&#8230;&#8230;&#8230;&#8230;&#8230;&#8230;&#8230;&#8230;&#8230;&#8230;&#8230;&#8230;&#8230;&#8230;&#8230;&#8230;&#8230;&#8230;&#8230;&#8230;&#8230;&#8230;&#8230;&#8230;&#8230;&#8230;&#8230;&#8230;&#8230;&#8230;&#8230;&#8230;&#8230;&#8230;&#8230;&#8230;&#8230;. 0,500g<\/p>\n<p>Metil-melubrina (Dipirona) &#8230;&#8230;&#8230;&#8230;&#8230;&#8230;&#8230;&#8230;&#8230;&#8230;&#8230;&#8230;&#8230;&#8230;&#8230;&#8230;&#8230;&#8230;&#8230;&#8230;&#8230;&#8230;&#8230;&#8230;&#8230;&#8230;&#8230;&#8230;&#8230;&#8230;&#8230;&#8230;&#8230;&#8230;&#8230;.. 0,500g<\/p>\n<p>Riboflavina &#8230;&#8230;&#8230;&#8230;&#8230;&#8230;&#8230;&#8230;&#8230;&#8230;&#8230;&#8230;&#8230;&#8230;&#8230;&#8230;&#8230;&#8230;&#8230;&#8230;&#8230;&#8230;&#8230;&#8230;&#8230;&#8230;&#8230;&#8230;&#8230;&#8230;&#8230;&#8230;&#8230;&#8230;&#8230;&#8230;&#8230;&#8230;&#8230;&#8230;&#8230;&#8230;&#8230;&#8230;&#8230;&#8230;. 0,003g<\/p>\n<p>Ve\u00edculo q.s.p. &#8230;&#8230;&#8230;&#8230;&#8230;&#8230;&#8230;&#8230;&#8230;&#8230;&#8230;&#8230;&#8230;&#8230;&#8230;&#8230;&#8230;&#8230;&#8230;&#8230;&#8230;&#8230;&#8230;&#8230;&#8230;&#8230;&#8230;&#8230;&#8230;&#8230;&#8230;&#8230;&#8230;&#8230;&#8230;&#8230;&#8230;&#8230;&#8230;&#8230;&#8230;&#8230;&#8230;&#8230;.. 10,0mL<\/p>\n<p>\u201cO PRODUTO N\u00c3O REQUER PER\u00cdODO DE CAR\u00caNCIA PARA O ABATE DE BOVINOS E<\/p>\n<p>EQUINOS TRATADOS. \u201d<\/p>\n<p>\u201cO PRODUTO N\u00c3O REQUER PER\u00cdODO DE CAR\u00caNCIA PARA O CONSUMO DE LEITE DE<\/p>\n<p>BOVINOS TRATADOS. \u201d<\/p>\n<p>CLAUDISAL injet\u00e1vel tem a\u00e7\u00e3o espasmol\u00edtica sobre a musculatura lisa,<\/p>\n<p>sinergismo do componente analg\u00e9sico central e a\u00e7\u00e3o reguladora dos centros vegetativos<\/p>\n<p>produzindo dilata\u00e7\u00e3o dos vasos sanguineos perif\u00e9ricos, resultando maior aflu\u00eancia do<\/p>\n<p>sangue para a musculatura estriada, fisiologicamente e terapeuticamente desej\u00e1vel.<\/p>\n<p>A a\u00e7\u00e3o da METIL-MELUBRINA (Dipirona), nas c\u00f3licas, consiste no est\u00edmulo do<\/p>\n<p>peristaltismo, tranquiliza\u00e7\u00e3o e espam\u00f3lise, enquanto o seu efeito analg\u00e9sico representa<\/p>\n<p>importante apoio terap\u00eautico.<\/p>\n<p>O SALICILATO DE S\u00d3DIO, age no tratamento do reumatismo, nas artrites agudas<\/p>\n<p>ou cr\u00f4nicas, nos estados reum\u00e1ticos dos m\u00fasculos e articula\u00e7\u00f5es, manqueiras, nevrites e<\/p>\n<p>nevralgias.<\/p>\n<p>Sua efic\u00e1cia \u00e9 complementada pela RIBOFLAVINA, que \u00e9 uma subst\u00e2ncia<\/p>\n<p>necess\u00e1ria ao metabolismo. Em todas as esp\u00e9cies animais, segundo estudos (Wise e<\/p>\n<p>outros), a defici\u00eancia desta vitamina se manifesta pela rigidez das patas, altera\u00e7\u00e3o do<\/p>\n<p>pelo e da pele e finalmente pela opacidade da c\u00f3rnea e do cristalino.<\/p>\n<p>INDICA\u00c7\u00d5ES:<\/p>\n<p>CLAUDISAL \u00e9 indicado no tratamento do reumatismo, nas artrites agudas ou<\/p>\n<p>cr\u00f4nicas, nos estados reum\u00e1ticos dos m\u00fasculos e articula\u00e7\u00f5es, mangueiras, nevrites e<\/p>\n<p>nevralgias.<\/p>\n<p>MODO DE USAR E POSOLOGIA:<\/p>\n<p>Administrar por via intravenosa ou intramuscular profunda, diariamente, durante<\/p>\n<p>uma semana, nas seguintes dosagens:<\/p>\n<p>Bovinos e Equ\u00eddeos: 10mL<\/p>\n<p>Potros e Bezerros: 5mL.<\/p>\n<p>Ou a crit\u00e9rio do M\u00e9dico Veterin\u00e1rio, e caso seja necess\u00e1rio, estas aplica\u00e7\u00f5es<\/p>\n<p>poder\u00e3o ser prolongadas.<\/p>\n<p>APRESENTA\u00c7\u00c3O:<\/p>\n<p>Frasco contendo 50mL.<\/p>\n<p>Conservar em local seco e fresco, ao abrigo da luz solar, fora do alcance de crian\u00e7as e<\/p>\n<p>animais dom\u00e9sticos.<\/p>\n<p>Licenciado no Minist\u00e9rio da Agricultura sob n\u00ba 2.280\/67 em 18\/09\/1967.<\/p>\n","protected":false},"excerpt":{"rendered":"<p>ANALG\u00c9SICO, ANTIRREUM\u00c1TICO E ANTIPIR\u00c9TICO USO VETERIN\u00c1RIO SOLU\u00c7\u00c3O INJET\u00c1VEL F\u00d3RMULA: Cada 10mL cont\u00e9m: Salicilato de S\u00f3dio &#8230;&#8230;&#8230;&#8230;&#8230;&#8230;&#8230;&#8230;&#8230;&#8230;&#8230;&#8230;&#8230;&#8230;&#8230;&#8230;&#8230;&#8230;&#8230;&#8230;&#8230;&#8230;&#8230;&#8230;&#8230;&#8230;&#8230;&#8230;&#8230;&#8230;&#8230;&#8230;&#8230;&#8230;&#8230;&#8230;&#8230;&#8230;&#8230;&#8230;&#8230;. 0,500g Metil-melubrina (Dipirona) &#8230;&#8230;&#8230;&#8230;&#8230;&#8230;&#8230;&#8230;&#8230;&#8230;&#8230;&#8230;&#8230;&#8230;&#8230;&#8230;&#8230;&#8230;&#8230;&#8230;&#8230;&#8230;&#8230;&#8230;&#8230;&#8230;&#8230;&#8230;&#8230;&#8230;&#8230;&#8230;&#8230;&#8230;&#8230;.. 0,500g Riboflavina<\/p>\n","protected":false},"featured_media":16203,"template":"","meta":{"_acf_changed":false},"product_brand":[958],"product_cat":[168,174],"product_tag":[993],"class_list":{"0":"post-16202","1":"product","2":"type-product","3":"status-publish","4":"has-post-thumbnail","6":"product_brand-biofarm","7":"product_cat-anti-inflamatorios","8":"product_cat-anti-inflamatorios-3","9":"product_tag-biofarm","11":"first","12":"instock","13":"shipping-taxable","14":"purchasable","15":"product-type-simple"},"acf":[],"_links":{"self":[{"href":"https:\/\/vetsul.com\/index.php\/wp-json\/wp\/v2\/product\/16202","targetHints":{"allow":["GET"]}}],"collection":[{"href":"https:\/\/vetsul.com\/index.php\/wp-json\/wp\/v2\/product"}],"about":[{"href":"https:\/\/vetsul.com\/index.php\/wp-json\/wp\/v2\/types\/product"}],"wp:featuredmedia":[{"embeddable":true,"href":"https:\/\/vetsul.com\/index.php\/wp-json\/wp\/v2\/media\/16203"}],"wp:attachment":[{"href":"https:\/\/vetsul.com\/index.php\/wp-json\/wp\/v2\/media?parent=16202"}],"wp:term":[{"taxonomy":"product_brand","embeddable":true,"href":"https:\/\/vetsul.com\/index.php\/wp-json\/wp\/v2\/product_brand?post=16202"},{"taxonomy":"product_cat","embeddable":true,"href":"https:\/\/vetsul.com\/index.php\/wp-json\/wp\/v2\/product_cat?post=16202"},{"taxonomy":"product_tag","embeddable":true,"href":"https:\/\/vetsul.com\/index.php\/wp-json\/wp\/v2\/product_tag?post=16202"}],"curies":[{"name":"wp","href":"https:\/\/api.w.org\/{rel}","templated":true}]}}