{"id":16200,"date":"2018-01-02T11:15:36","date_gmt":"2018-01-02T13:15:36","guid":{"rendered":"http:\/\/35.194.95.18\/wp-admin\/?post_type=product&#038;p=16200"},"modified":"2025-02-07T16:00:05","modified_gmt":"2025-02-07T19:00:05","slug":"repelente-sanol-spray-citronela-500ml","status":"publish","type":"product","link":"https:\/\/vetsul.com\/index.php\/product\/repelente-sanol-spray-citronela-500ml\/","title":{"rendered":"Repelente Sanol Spray Citronela 500ml"},"content":{"rendered":"<p><span style=\"color: rgb(113, 113, 113); font-family: &quot;Droid Sans&quot;, sans-serif; font-size: 16px;\">O&nbsp;<\/span><span style=\"font-weight: 700; color: rgb(113, 113, 113); font-family: &quot;Droid Sans&quot;, sans-serif; font-size: 16px;\">Repelente Sanol Spray Citronela 500ml<\/span><span style=\"color: rgb(113, 113, 113); font-family: &quot;Droid Sans&quot;, sans-serif; font-size: 16px;\">&nbsp;\u00e9 indicado para uso como repelente de moscas, deve ser aplicado diretamente nos animais: c\u00e3es, equinos e bovinos, ou para limpesa de ambientes como canis. N\u00e3o mancha, nem engordura.<\/span><\/p>\n","protected":false},"excerpt":{"rendered":"<p>O&nbsp;Repelente Sanol Spray Citronela 500ml&nbsp;\u00e9 indicado para uso como repelente de moscas, deve ser aplicado diretamente nos animais: c\u00e3es, equinos e bovinos,<\/p>\n","protected":false},"featured_media":16201,"template":"","meta":{"_acf_changed":false},"product_brand":[],"product_cat":[164,163,165],"product_tag":[],"class_list":{"0":"post-16200","1":"product","2":"type-product","3":"status-publish","4":"has-post-thumbnail","6":"product_cat-bovinos-e-ovinos","7":"product_cat-equinos","8":"product_cat-pet","10":"first","11":"outofstock","12":"purchasable","13":"product-type-simple"},"acf":[],"_links":{"self":[{"href":"https:\/\/vetsul.com\/index.php\/wp-json\/wp\/v2\/product\/16200","targetHints":{"allow":["GET"]}}],"collection":[{"href":"https:\/\/vetsul.com\/index.php\/wp-json\/wp\/v2\/product"}],"about":[{"href":"https:\/\/vetsul.com\/index.php\/wp-json\/wp\/v2\/types\/product"}],"wp:featuredmedia":[{"embeddable":true,"href":"https:\/\/vetsul.com\/index.php\/wp-json\/wp\/v2\/media\/16201"}],"wp:attachment":[{"href":"https:\/\/vetsul.com\/index.php\/wp-json\/wp\/v2\/media?parent=16200"}],"wp:term":[{"taxonomy":"product_brand","embeddable":true,"href":"https:\/\/vetsul.com\/index.php\/wp-json\/wp\/v2\/product_brand?post=16200"},{"taxonomy":"product_cat","embeddable":true,"href":"https:\/\/vetsul.com\/index.php\/wp-json\/wp\/v2\/product_cat?post=16200"},{"taxonomy":"product_tag","embeddable":true,"href":"https:\/\/vetsul.com\/index.php\/wp-json\/wp\/v2\/product_tag?post=16200"}],"curies":[{"name":"wp","href":"https:\/\/api.w.org\/{rel}","templated":true}]}}