{"id":16188,"date":"2018-01-02T10:40:20","date_gmt":"2018-01-02T12:40:20","guid":{"rendered":"http:\/\/35.194.95.18\/wp-admin\/?post_type=product&#038;p=16188"},"modified":"2025-02-07T16:21:46","modified_gmt":"2025-02-07T19:21:46","slug":"ciclorfos-plus-pour-on-1-litro","status":"publish","type":"product","link":"https:\/\/vetsul.com\/index.php\/product\/ciclorfos-plus-pour-on-1-litro\/","title":{"rendered":"CICLORFOS PLUS POUR ON 1 LITRO"},"content":{"rendered":"<p>DESCRI\u00c7\u00c3O<\/p>\n<p>&nbsp;\u00c9 um parasiticida, de uso externo, destinado ao controle de sarnas, piolhos, carrapatos e moscas de ovinos, bovinos, equinos e su\u00ednos.<\/p>\n<p>BULA<\/p>\n<p>F\u00f3rmula:<\/p>\n<p>cada 100 mL cont\u00e9m:<\/p>\n<p>Cipermetrina 5,00 g<\/p>\n<p>Clorpirif\u00f3s&nbsp; 2,50 g<\/p>\n<p>But\u00f3xido de Piperonila 1,00 g<\/p>\n<p>Ve\u00edculos q.s.p. 100,0 ml<\/p>\n<p>Indica\u00e7\u00f5es:<\/p>\n<p>\u00c9 utilizado para combater ectoparasitos tais como: piolhos chupadores (Linognathus spp, Haematopinus spp, Solenoptes spp), piolhos mastigadores (Damalia spp), insetos hemat\u00f3fagos (taban\u00eddeos, mosquitos, Stomoxis, Haematobia ) e outros d\u00edpteros prejudiciais para os animais dom\u00e9sticos, Lucilia spp, Hypoderma spp, bernes, Dermatobia hominis.<\/p>\n<p>Dosagem:<\/p>\n<p>Bovinos: 10 mL para 100 kg de peso.<\/p>\n<p>Ovinos e Caprinos: 5 mL por animal (independente do peso corporal)<\/p>\n<p>Su\u00ednos: 5 mL por animal (independente do peso do animal).<\/p>\n<p>Eq\u00fcinos: 20 mL repartidos da seguinte forma: 5 mL em cada lateral do pesco\u00e7o e peito e 5 mL em cada flanco e costelas.<\/p>\n<p>Administra\u00e7\u00e3o:<\/p>\n<p>&#8220;Pour on&#8221;<\/p>\n<p>Per\u00edodo de Car\u00eancia:<\/p>\n<p>Os animais tratados com o produto s\u00f3 dever\u00e3o ser abatidos para o consumo ap\u00f3s decorridos 35 dias da \u00faltima aplica\u00e7\u00e3o.<\/p>\n<p>N\u00e3o aplicar em vacas leiteiras lactantes.<\/p>\n<p>Cuidados Gerais:<\/p>\n<p>N\u00e3o tratar f\u00eameas em adiantado estado de gesta\u00e7\u00e3o.<\/p>\n<p>N\u00e3o tratar quando h\u00e1 amea\u00e7a de chuva. No caso de chover dentro das 24 horas do tratamento, recomenda-se repetir o tratamento.<\/p>\n<p>Outros Cuidados:<\/p>\n<p>Lavar as m\u00e3os com \u00e1gua e sab\u00e3o sempre que houver contato com o produto.<\/p>\n<p>Conservar o produto fora do alcance de crian\u00e7as e animais dom\u00e9sticos.<\/p>\n<p>N\u00e3o guardar ou aplicar o produto pr\u00f3ximo a alimentos, bebidas, medicamentos, produtos de higiene e dom\u00e9sticos.<\/p>\n<p>Destruir as embalagens vazias.<\/p>\n<p>No caso eventual de acidentes com pessoas, procure imediatamente o M\u00e9dico. N\u00e3o dar de beber ao acidentado subst\u00e2ncias gordurosas ou leite.<\/p>\n<p>No caso de animais, chamar o Veterin\u00e1rio.<\/p>\n<p>Contra-indica\u00e7\u00f5es: N\u00e3o possui<\/p>\n<p>Apresenta\u00e7\u00e3o:<\/p>\n<p>Frascos aplicadores de 1000mL<\/p>\n<p>Classe Terap\u00eautica:<\/p>\n<p>Ectoparasiticidas (ANTI-PARASIT\u00c1RIOS)<\/p>\n<p>Princ\u00edpio(s) Ativo(s):<\/p>\n<p>CIPERMETRINA<\/p>\n<p>CLORPIRIF\u00d3S<\/p>\n","protected":false},"excerpt":{"rendered":"<p>DESCRI\u00c7\u00c3O &nbsp;\u00c9 um parasiticida, de uso externo, destinado ao controle de sarnas, piolhos, carrapatos e moscas de ovinos, bovinos, equinos e su\u00ednos.<\/p>\n","protected":false},"featured_media":16189,"template":"","meta":{"_acf_changed":false},"product_brand":[979],"product_cat":[164,163,194,186,167],"product_tag":[1005,1006],"class_list":{"0":"post-16188","1":"product","2":"type-product","3":"status-publish","4":"has-post-thumbnail","6":"product_brand-pearson-eurofarma","7":"product_cat-bovinos-e-ovinos","8":"product_cat-equinos","9":"product_cat-todos-os-produtos","10":"product_cat-vermifugo-e-carrapaticida","11":"product_cat-vermifugos-e-carrapaticidas","12":"product_tag-eurofarma","13":"product_tag-pearson","15":"first","16":"outofstock","17":"purchasable","18":"product-type-simple"},"acf":[],"_links":{"self":[{"href":"https:\/\/vetsul.com\/index.php\/wp-json\/wp\/v2\/product\/16188","targetHints":{"allow":["GET"]}}],"collection":[{"href":"https:\/\/vetsul.com\/index.php\/wp-json\/wp\/v2\/product"}],"about":[{"href":"https:\/\/vetsul.com\/index.php\/wp-json\/wp\/v2\/types\/product"}],"wp:featuredmedia":[{"embeddable":true,"href":"https:\/\/vetsul.com\/index.php\/wp-json\/wp\/v2\/media\/16189"}],"wp:attachment":[{"href":"https:\/\/vetsul.com\/index.php\/wp-json\/wp\/v2\/media?parent=16188"}],"wp:term":[{"taxonomy":"product_brand","embeddable":true,"href":"https:\/\/vetsul.com\/index.php\/wp-json\/wp\/v2\/product_brand?post=16188"},{"taxonomy":"product_cat","embeddable":true,"href":"https:\/\/vetsul.com\/index.php\/wp-json\/wp\/v2\/product_cat?post=16188"},{"taxonomy":"product_tag","embeddable":true,"href":"https:\/\/vetsul.com\/index.php\/wp-json\/wp\/v2\/product_tag?post=16188"}],"curies":[{"name":"wp","href":"https:\/\/api.w.org\/{rel}","templated":true}]}}