{"id":16146,"date":"2018-01-02T09:05:17","date_gmt":"2018-01-02T11:05:17","guid":{"rendered":"http:\/\/35.194.95.18\/wp-admin\/?post_type=product&#038;p=16146"},"modified":"2025-08-09T10:36:39","modified_gmt":"2025-08-09T13:36:39","slug":"canex-composto","status":"publish","type":"product","link":"https:\/\/vetsul.com\/index.php\/product\/canex-composto\/","title":{"rendered":"Canex Composto"},"content":{"rendered":"<p><span style=\"font-family: tahoma; font-size: 12px;\">Verm\u00edfugo oral de amplo espectro para c\u00e3es.<\/span><\/p>\n<p><span style=\"font-family: tahoma; font-size: 12px;\">F\u00f3rmula:<\/span><br style=\"font-family: tahoma; font-size: 12px;\"><span style=\"font-family: tahoma; font-size: 12px;\">Cada comprimido cont\u00e9m:<\/span><br style=\"font-family: tahoma; font-size: 12px;\"><span style=\"font-family: tahoma; font-size: 12px;\">Pamoato de Pirantel &#8230;&#8230;&#8230;&#8230;&#8230;&#8230;&#8230; 145,0 mg<\/span><br style=\"font-family: tahoma; font-size: 12px;\"><span style=\"font-family: tahoma; font-size: 12px;\">(Equivalente a 50 mg de pirantel base)<\/span><br style=\"font-family: tahoma; font-size: 12px;\"><span style=\"font-family: tahoma; font-size: 12px;\">Praziquantel &#8230;&#8230;&#8230;&#8230;&#8230;&#8230;&#8230;&#8230;&#8230;&#8230;&#8230;. 50,5 mg<\/span><br style=\"font-family: tahoma; font-size: 12px;\"><span style=\"font-family: tahoma; font-size: 12px;\">Excipiente q.s.p. &#8230;&#8230;&#8230;&#8230;&#8230;&#8230;&#8230;&#8230;.. 500,0 mg<\/span><br style=\"font-family: tahoma; font-size: 12px;\"><br style=\"font-family: tahoma; font-size: 12px;\"><span style=\"font-family: tahoma; font-size: 12px;\">Indica\u00e7\u00f5es:<\/span><br style=\"font-family: tahoma; font-size: 12px;\"><span style=\"font-family: tahoma; font-size: 12px;\">CANEX COMPOSTO \u00e9 indicado como verm\u00edfugo de amplo espectro para combate dos principais nemat\u00f3deos e cest\u00f3deos que acometem os c\u00e3es. Dentre os agentes etiol\u00f3gicos sens\u00edveis destacam-se:<\/span><br style=\"font-family: tahoma; font-size: 12px;\"><span style=\"font-family: tahoma; font-size: 12px;\">Ancylostoma caninum<\/span><br style=\"font-family: tahoma; font-size: 12px;\"><span style=\"font-family: tahoma; font-size: 12px;\">Ancylostoma tubaeforme<\/span><br style=\"font-family: tahoma; font-size: 12px;\"><span style=\"font-family: tahoma; font-size: 12px;\">Ancylostoma braziliense<\/span><br style=\"font-family: tahoma; font-size: 12px;\"><span style=\"font-family: tahoma; font-size: 12px;\">Toxocara canis<\/span><br style=\"font-family: tahoma; font-size: 12px;\"><span style=\"font-family: tahoma; font-size: 12px;\">Toxocara cati<\/span><br style=\"font-family: tahoma; font-size: 12px;\"><span style=\"font-family: tahoma; font-size: 12px;\">Toxascaris leonina<\/span><br style=\"font-family: tahoma; font-size: 12px;\"><span style=\"font-family: tahoma; font-size: 12px;\">Dipylidium caninum<\/span><br style=\"font-family: tahoma; font-size: 12px;\"><span style=\"font-family: tahoma; font-size: 12px;\">Taenia psiformis<\/span><br style=\"font-family: tahoma; font-size: 12px;\"><span style=\"font-family: tahoma; font-size: 12px;\">Taenia hydatigena<\/span><br style=\"font-family: tahoma; font-size: 12px;\"><span style=\"font-family: tahoma; font-size: 12px;\">Taenia ovis<\/span><br style=\"font-family: tahoma; font-size: 12px;\"><span style=\"font-family: tahoma; font-size: 12px;\">Echinococcus granulosus<\/span><br style=\"font-family: tahoma; font-size: 12px;\"><span style=\"font-family: tahoma; font-size: 12px;\">Echinococcus multilocularis<\/span><br style=\"font-family: tahoma; font-size: 12px;\"><span style=\"font-family: tahoma; font-size: 12px;\">Multiceps multiceps<\/span><br style=\"font-family: tahoma; font-size: 12px;\"><span style=\"font-family: tahoma; font-size: 12px;\">Hydatigera taeniaformis<\/span><br style=\"font-family: tahoma; font-size: 12px;\"><span style=\"font-family: tahoma; font-size: 12px;\">Para evitar constantes reinfesta\u00e7\u00f5es por Dipylidium caninum, aconselha-se que, paralelamente ao uso de CANEX COMPOSTO o propriet\u00e1rio combata as pulgas do ambiente, eliminando assim a a\u00e7\u00e3o do hospedeiro intermedi\u00e1rio desta ten\u00edase.<\/span><br style=\"font-family: tahoma; font-size: 12px;\"><br style=\"font-family: tahoma; font-size: 12px;\"><span style=\"font-family: tahoma; font-size: 12px;\">Dosagem:<\/span><br style=\"font-family: tahoma; font-size: 12px;\"><span style=\"font-family: tahoma; font-size: 12px;\">Dose \u00fanica. Administrar 1 comprimido para cada 10 kg de peso. C\u00e3es com peso inferior a 5 kg, administrar \u00bd (meio) comprimido.<\/span><br style=\"font-family: tahoma; font-size: 12px;\"><span style=\"font-family: tahoma; font-size: 12px;\">Qualquer altera\u00e7\u00e3o de posologia e modo de usar, bem como a freq\u00fc\u00eancia de tratamentos, fica a crit\u00e9rio e responsabilidade do M\u00e9dico Veterin\u00e1rio.<\/span><br style=\"font-family: tahoma; font-size: 12px;\"><br style=\"font-family: tahoma; font-size: 12px;\"><span style=\"font-family: tahoma; font-size: 12px;\">FILHOTES: Realizar tr\u00eas vermifuga\u00e7\u00f5es, na 3\u00aa, 6\u00aa e 9\u00aa semana de vida.<\/span><br style=\"font-family: tahoma; font-size: 12px;\"><span style=\"font-family: tahoma; font-size: 12px;\">CADELAS: Vermifugar na cobertura, uma semana antes do parto e 3 semanas ap\u00f3s o parto, juntamente com a 1\u00aa vermifuga\u00e7\u00e3o dos filhotes.<\/span><br style=\"font-family: tahoma; font-size: 12px;\"><span style=\"font-family: tahoma; font-size: 12px;\">C\u00c3ES ADULTOS: Vermifugar a cada 3 (tr\u00eas) ou 6 (seis) meses, conforme orienta\u00e7\u00e3o do M\u00e9dico Veterin\u00e1rio. Repetir ap\u00f3s 15 dias.<\/span><br style=\"font-family: tahoma; font-size: 12px;\"><br style=\"font-family: tahoma; font-size: 12px;\"><span style=\"font-family: tahoma; font-size: 12px;\">Administra\u00e7\u00e3o:<\/span><br style=\"font-family: tahoma; font-size: 12px;\"><span style=\"font-family: tahoma; font-size: 12px;\">CANEX COMPOSTO deve ser administrado diretamente por via oral, misturado \u00e0 ra\u00e7\u00e3o, carne ou qualquer outro alimento que agrade ao animal.<\/span><br style=\"font-family: tahoma; font-size: 12px;\"><span style=\"font-family: tahoma; font-size: 12px;\">O uso de CANEX COMPOSTO n\u00e3o compromete a rotina do animal,<\/span><br style=\"font-family: tahoma; font-size: 12px;\"><span style=\"font-family: tahoma; font-size: 12px;\">n\u00e3o havendo necessidade de jejum pr\u00e9vio e\/ou qualquer altera\u00e7\u00e3o na dieta.<\/span><br style=\"font-family: tahoma; font-size: 12px;\"><br style=\"font-family: tahoma; font-size: 12px;\"><span style=\"font-family: tahoma; font-size: 12px;\">Precau\u00e7\u00f5es:<\/span><br style=\"font-family: tahoma; font-size: 12px;\"><span style=\"font-family: tahoma; font-size: 12px;\">MANTENHA ESTE, OU QUALQUER OUTRO MEDICAMENTO, FORA DO ALCANCE DE CRIAN\u00c7AS E ANIMAIS DOM\u00c9STICOS.<\/span><br style=\"font-family: tahoma; font-size: 12px;\"><span style=\"font-family: tahoma; font-size: 12px;\">CONSERVAR O PRODUTO EM LOCAL FRESCO E SECO, AO ABRIGO DA LUZ SOLAR.<\/span><br style=\"font-family: tahoma; font-size: 12px;\"><span style=\"font-family: tahoma; font-size: 12px;\">VENDA SOB PRESCRI\u00c7\u00c3O DO M\u00c9DICO VETERIN\u00c1RIO<\/span><br style=\"font-family: tahoma; font-size: 12px;\"><br style=\"font-family: tahoma; font-size: 12px;\"><span style=\"font-family: tahoma; font-size: 12px;\">Apresenta\u00e7\u00e3o:<\/span><br style=\"font-family: tahoma; font-size: 12px;\"><span style=\"font-family: tahoma; font-size: 12px;\">1 blister contendo 4 comprimidos, acondicionados em cartucho.<\/span><br style=\"font-family: tahoma; font-size: 12px;\"><br style=\"font-family: tahoma; font-size: 12px;\"><span style=\"font-family: tahoma; font-size: 12px;\">Classe Terap\u00eautica:<\/span><br style=\"font-family: tahoma; font-size: 12px;\"><span style=\"font-family: tahoma; font-size: 12px;\">ENDOPARASITICIDAS (ANTI-PARASIT\u00c1RIOS)<\/span><br style=\"font-family: tahoma; font-size: 12px;\"><br style=\"font-family: tahoma; font-size: 12px;\"><span style=\"font-family: tahoma; font-size: 12px;\">Princ\u00edpio(s) Ativo(s):<\/span><br style=\"font-family: tahoma; font-size: 12px;\"><span style=\"font-family: tahoma; font-size: 12px;\">PIRANTEL<\/span><br style=\"font-family: tahoma; font-size: 12px;\"><span style=\"font-family: tahoma; font-size: 12px;\">PRAZIQUANTEL<\/span><br style=\"font-family: tahoma; font-size: 12px;\"><br style=\"font-family: tahoma; font-size: 12px;\"><span style=\"font-family: tahoma; font-size: 12px;\">Registro no Minist\u00e9rio da Agricultura, Pecu\u00e1ria e Abastecimento:<\/span><br style=\"font-family: tahoma; font-size: 12px;\"><span style=\"font-family: tahoma; font-size: 12px;\">4.096\/92<\/span><br style=\"font-family: tahoma; font-size: 12px;\"><br style=\"font-family: tahoma; font-size: 12px;\"><span style=\"font-family: tahoma; font-size: 12px;\">Respons\u00e1vel T\u00e9cnico:<\/span><br style=\"font-family: tahoma; font-size: 12px;\"><span style=\"font-family: tahoma; font-size: 12px;\">Mauricio Del Bigio &#8211; CRMV: 3.715<\/span><br style=\"font-family: tahoma; font-size: 12px;\"><br style=\"font-family: tahoma; font-size: 12px;\"><span style=\"font-family: tahoma; font-size: 12px;\">Servi\u00e7o de Atendimento ao Consumidor:<\/span><br style=\"font-family: tahoma; font-size: 12px;\"><span style=\"font-family: tahoma; font-size: 12px;\">08007700355<\/span><br style=\"font-family: tahoma; font-size: 12px;\"><\/p>\n","protected":false},"excerpt":{"rendered":"<p>Verm\u00edfugo oral de amplo espectro para c\u00e3es. F\u00f3rmula:Cada comprimido cont\u00e9m:Pamoato de Pirantel &#8230;&#8230;&#8230;&#8230;&#8230;&#8230;&#8230; 145,0 mg(Equivalente a 50 mg de pirantel base)Praziquantel &#8230;&#8230;&#8230;&#8230;&#8230;&#8230;&#8230;&#8230;&#8230;&#8230;&#8230;.<\/p>\n","protected":false},"featured_media":16147,"template":"","meta":{"_acf_changed":false},"product_brand":[966],"product_cat":[165,194,184],"product_tag":[1035,265],"class_list":{"0":"post-16146","1":"product","2":"type-product","3":"status-publish","4":"has-post-thumbnail","6":"product_brand-ceva","7":"product_cat-pet","8":"product_cat-todos-os-produtos","9":"product_cat-vermifugos-e-carrapaticidas-2","10":"product_tag-ceva","11":"product_tag-vermifugo-coes","13":"first","14":"instock","15":"purchasable","16":"product-type-simple"},"acf":[],"_links":{"self":[{"href":"https:\/\/vetsul.com\/index.php\/wp-json\/wp\/v2\/product\/16146","targetHints":{"allow":["GET"]}}],"collection":[{"href":"https:\/\/vetsul.com\/index.php\/wp-json\/wp\/v2\/product"}],"about":[{"href":"https:\/\/vetsul.com\/index.php\/wp-json\/wp\/v2\/types\/product"}],"wp:featuredmedia":[{"embeddable":true,"href":"https:\/\/vetsul.com\/index.php\/wp-json\/wp\/v2\/media\/16147"}],"wp:attachment":[{"href":"https:\/\/vetsul.com\/index.php\/wp-json\/wp\/v2\/media?parent=16146"}],"wp:term":[{"taxonomy":"product_brand","embeddable":true,"href":"https:\/\/vetsul.com\/index.php\/wp-json\/wp\/v2\/product_brand?post=16146"},{"taxonomy":"product_cat","embeddable":true,"href":"https:\/\/vetsul.com\/index.php\/wp-json\/wp\/v2\/product_cat?post=16146"},{"taxonomy":"product_tag","embeddable":true,"href":"https:\/\/vetsul.com\/index.php\/wp-json\/wp\/v2\/product_tag?post=16146"}],"curies":[{"name":"wp","href":"https:\/\/api.w.org\/{rel}","templated":true}]}}