{"id":16130,"date":"2017-12-29T15:00:13","date_gmt":"2017-12-29T17:00:13","guid":{"rendered":"http:\/\/35.194.95.18\/wp-admin\/?post_type=product&#038;p=16130"},"modified":"2025-04-03T16:12:08","modified_gmt":"2025-04-03T19:12:08","slug":"butox-20ml","status":"publish","type":"product","link":"https:\/\/vetsul.com\/index.php\/product\/butox-20ml\/","title":{"rendered":"Butox 20ml"},"content":{"rendered":"<p style=\"margin-bottom: 10px; color: rgb(51, 51, 51); font-family: Arial, Helvetica, sans-serif; font-size: 14px;\"><span style=\"font-weight: 700;\">F\u00f3rmula:<\/span><br \/><span id=\"lblFormula\" style=\"font-family: Arial;\">Cada 1 L cont\u00e9m:&nbsp;<br \/>Deltametrina base &#8230;&#8230;&#8230;&#8230;&#8230;&#8230;&#8230;&#8230;&#8230;&#8230;&#8230;&#8230;&#8230;&#8230;&#8230;&#8230;&#8230;&#8230;&#8230;&#8230;&#8230;&#8230;&#8230;&#8230;&#8230;&#8230;&#8230;.. 25,0 g&nbsp;<br \/>Ve\u00edculo q.s.p. &#8230;&#8230;&#8230;&#8230;&#8230;&#8230;&#8230;&#8230;&#8230;&#8230;&#8230;&#8230;&#8230;&#8230;&#8230;&#8230;&#8230;&#8230;&#8230;&#8230;&#8230;&#8230;&#8230;&#8230;&#8230;&#8230;&#8230;&#8230;&#8230;&#8230;. 1 L&nbsp;<br \/><\/span><\/p>\n<p align=\"left\" style=\"margin-bottom: 10px; color: rgb(51, 51, 51); font-family: Arial, Helvetica, sans-serif; font-size: 14px;\"><span style=\"font-weight: 700;\">Indica\u00e7\u00f5es:&nbsp;<br \/><\/span><span id=\"lblIndicacao\" style=\"font-family: Arial;\">Como carrapaticida, para eliminar larvas, ninfas, machos, f\u00eameas e impossibilitar a postura de ovos f\u00e9rteis do&nbsp;<em>Boophilus microplus<\/em>,&nbsp;<em>Amblyomma cajennense<\/em>, e&nbsp;<em>Anocentor nitens<\/em>.&nbsp;<br \/>-Como mosquicida e repelente, sobre as moscas adultas vetoras da&nbsp;<em>Dermatobia hominis<\/em>&nbsp;(mosca-do-berne),&nbsp;<em>Stomoxys calcitrans<\/em>,&nbsp;<em>Musca domestica<\/em>&nbsp;e&nbsp;<em>Morellia pruma<\/em>, controlando preventivamente as infesta\u00e7\u00f5es por berne no bovino.&nbsp;<br \/>-Como Larvicida e repelente, com a\u00e7\u00e3o preventiva contra as infesta\u00e7\u00f5es por larvas de 1\u00b0 instar da&nbsp;<em>Dermatobia hominis<\/em>&nbsp;(mosca-do-berne).&nbsp;<br \/>-Como Sarnicida, para eliminar larvas, ninfas, machos, f\u00eameas e impossibilitar a postura de ovos f\u00e9rteis de&nbsp;<em>Psoroptes communis ovis<\/em>&nbsp;e&nbsp;<em>Psoroptes communis bovis<\/em>.&nbsp;<br \/><\/span><\/p>\n<p align=\"left\" style=\"margin-bottom: 10px; color: rgb(51, 51, 51); font-family: Arial, Helvetica, sans-serif; font-size: 14px;\"><span style=\"font-weight: 700;\">Dosagem:&nbsp;<br \/><\/span><span id=\"lblDosagem\" style=\"font-family: Arial;\">Uso externo, em banhos de pulveriza\u00e7\u00e3o, aspers\u00e3o e imers\u00e3o (ovinos). Carrapatos dos bovinos: 10 mL do produto para 10 litros de \u00e1gua. Carrapato do corpo do cavalo: 10 mL do produto para 5 litros de \u00e1gua, em intervalos de 7 dias.<\/span><\/p>\n<p align=\"left\" style=\"margin-bottom: 10px; color: rgb(51, 51, 51); font-family: Arial, Helvetica, sans-serif; font-size: 14px;\"><span style=\"font-weight: 700;\">Administra\u00e7\u00e3o:&nbsp;<br \/><\/span><span id=\"lbladministracao\" style=\"font-family: Arial;\">Medir a quantidade recomendada de butox\u00ae P CE 25 e fazer uma pr\u00e9-mistura em um balde com 2 a 4 litros de \u00e1gua. Agitar at\u00e9 formar uma mistura homog\u00eanea.&nbsp;<br \/>Colocar esta emuls\u00e3o no pulverizador e, agitando sempre, completar o volume com o restante da \u00e1gua necess\u00e1ria para a pulveriza\u00e7\u00e3o dos bovinos a serem tratados.&nbsp;<\/p>\n<p>M\u00e9todos de aplica\u00e7\u00e3o:&nbsp;<br \/>Qualquer tipo de pulverizador, manual ou mec\u00e2nico, poder\u00e1 ser utilizado, tomando cuidado para que o jato tenha press\u00e3o adequada para penetrar por baixo dos p\u00ealos onde est\u00e3o agarrados os carrapatos.&nbsp;<br \/>Para pulverizar um bovino adulto e um equ\u00edno adulto, o consumo de l\u00edquido n\u00e3o deve ser inferior a 5 litros.&nbsp;<br \/>Molhar toda a pelagem, n\u00e3o se esquecendo das partes mais comumente infectadas, que s\u00e3o: entrepernas, patas, t\u00e1bua do pesco\u00e7o, cabe\u00e7a, pavilh\u00e3o auricular interno, regi\u00e3o do per\u00edneo e base da cauda.&nbsp;<br \/><\/span><\/p>\n<p align=\"left\" style=\"margin-bottom: 10px; color: rgb(51, 51, 51); font-family: Arial, Helvetica, sans-serif; font-size: 14px;\"><span style=\"font-weight: 700;\">Precau\u00e7\u00f5es:&nbsp;<br \/><\/span><span id=\"lblPrecaucao\" style=\"font-family: Arial;\">Butox\u00ae P CE 25 apresenta grande seguran\u00e7a, por\u00e9m, devem ser observados os cuidados b\u00e1sicos recomendados no uso de carrapaticidas:&nbsp;<br \/>-Conservar o produto na sua embalagem original, bem fechada, em local seco, fresco e \u00e0 sombra.&nbsp;<br \/>-Manusear o produto e fazer as dilui\u00e7\u00f5es em locais arejados, n\u00e3o aplicar contra o vento, evitando as part\u00edculas pulverizadas.&nbsp;<br \/>-Evitar o contato do produto com a pele e mucosas do corpo humano. Caso isto acidentalmente venha a acontecer, lavar v\u00e1rias vezes com \u00e1gua e sab\u00e3o as partes atingidas.&nbsp;<br \/>-N\u00e3o \u00e9 recomendado aplicar nos bovinos na hora de calor intenso ou nos dias chuvosos.&nbsp;<br \/>-Manter longe do alcance das crian\u00e7as e animais.&nbsp;<br \/>-N\u00e3o guardar ou aplicar junto de alimentos, bebidas, medicamentos, produtos de higiene e dom\u00e9sticos.&nbsp;<br \/>-Inutilizar e enterrar as embalagens vazias.&nbsp;<br \/>-N\u00e3o jogar o produto ou resto de dilui\u00e7\u00e3o em a\u00e7udes, fontes, rios e tanques de \u00e1gua.&nbsp;<br \/>-Se acontecer intoxica\u00e7\u00e3o humana, chamar imediatamente o m\u00e9dico e durante este tempo, caso tenha ocorrido ingest\u00e3o acidental, provocar v\u00f4mito introduzindo o dedo na garganta ou, por via oral, copo de \u00e1gua morna ou xarope de Ipecacuanha. Repetir at\u00e9 que o v\u00f4mito seja um l\u00edquido claro. Administrar a seguir, tamb\u00e9m por via oral, suspens\u00e3o aquosa de terra F\u00fcller ou argila de alta capacidade de adsor\u00e7\u00e3o. N\u00c3O DAR NADA POR VIA ORAL A UMA PESSOA INCONSCIENTE. Se o produto atingir os olhos, lavar imediatamente com \u00e1gua corrente abundante durante 10 minutos, no m\u00ednimo.&nbsp;<\/p>\n<p><span style=\"font-weight: 700;\">Frequ\u00eancia das aplica\u00e7\u00f5es<\/span><\/p>\n<p>Em bovinos, para auxiliar a diminui\u00e7\u00e3o da infesta\u00e7\u00e3o das pastagens, as pulveriza\u00e7\u00f5es devem ser feitas, inicialmente, a cada 21 dias. Ap\u00f3s obter esta diminui\u00e7\u00e3o, tendo em vista o prolongado per\u00edodo residual do produto (14 dias), as aplica\u00e7\u00f5es podem ser espa\u00e7adas a intervalos maiores de 30 dias.&nbsp;<\/p>\n<p>Em eq\u00fcinos, devido ao ciclo evolutivo do&nbsp;<em>Amblyomma cajennense<\/em>, as pulveriza\u00e7\u00f5es devem ser feitas com intervalos de 7 dias, at\u00e9 o desaparecimento das infesta\u00e7\u00f5es. Em infec\u00e7\u00f5es com&nbsp;<em>Anocentor nitens<\/em>&nbsp;(carrapato-da-orelha), os intervalos de pulveriza\u00e7\u00e3o podem ser semelhantes aos adotados para os bovinos.&nbsp;<\/p>\n<p><\/span><\/p>\n<p style=\"margin-bottom: 10px; color: rgb(51, 51, 51); font-family: Arial, Helvetica, sans-serif; font-size: 14px;\"><span style=\"font-weight: 700;\">Apresenta\u00e7\u00e3o:&nbsp;<br \/><\/span><span id=\"lblApresentacao\" style=\"font-family: Arial;\">Frasco com 20 mL, 100 mL, 500 mL e 1 litro.<\/span><\/p>\n","protected":false},"excerpt":{"rendered":"<p>F\u00f3rmula:Cada 1 L cont\u00e9m:&nbsp;Deltametrina base &#8230;&#8230;&#8230;&#8230;&#8230;&#8230;&#8230;&#8230;&#8230;&#8230;&#8230;&#8230;&#8230;&#8230;&#8230;&#8230;&#8230;&#8230;&#8230;&#8230;&#8230;&#8230;&#8230;&#8230;&#8230;&#8230;&#8230;.. 25,0 g&nbsp;Ve\u00edculo q.s.p. &#8230;&#8230;&#8230;&#8230;&#8230;&#8230;&#8230;&#8230;&#8230;&#8230;&#8230;&#8230;&#8230;&#8230;&#8230;&#8230;&#8230;&#8230;&#8230;&#8230;&#8230;&#8230;&#8230;&#8230;&#8230;&#8230;&#8230;&#8230;&#8230;&#8230;. 1 L&nbsp; Indica\u00e7\u00f5es:&nbsp;Como carrapaticida, para eliminar larvas, ninfas, machos, f\u00eameas e impossibilitar<\/p>\n","protected":false},"featured_media":16131,"template":"","meta":{"_acf_changed":false},"product_brand":[961],"product_cat":[164,165,194,167,184],"product_tag":[996],"class_list":{"0":"post-16130","1":"product","2":"type-product","3":"status-publish","4":"has-post-thumbnail","6":"product_brand-msd","7":"product_cat-bovinos-e-ovinos","8":"product_cat-pet","9":"product_cat-todos-os-produtos","10":"product_cat-vermifugos-e-carrapaticidas","11":"product_cat-vermifugos-e-carrapaticidas-2","12":"product_tag-msd","14":"first","15":"instock","16":"purchasable","17":"product-type-simple"},"acf":[],"_links":{"self":[{"href":"https:\/\/vetsul.com\/index.php\/wp-json\/wp\/v2\/product\/16130","targetHints":{"allow":["GET"]}}],"collection":[{"href":"https:\/\/vetsul.com\/index.php\/wp-json\/wp\/v2\/product"}],"about":[{"href":"https:\/\/vetsul.com\/index.php\/wp-json\/wp\/v2\/types\/product"}],"wp:featuredmedia":[{"embeddable":true,"href":"https:\/\/vetsul.com\/index.php\/wp-json\/wp\/v2\/media\/16131"}],"wp:attachment":[{"href":"https:\/\/vetsul.com\/index.php\/wp-json\/wp\/v2\/media?parent=16130"}],"wp:term":[{"taxonomy":"product_brand","embeddable":true,"href":"https:\/\/vetsul.com\/index.php\/wp-json\/wp\/v2\/product_brand?post=16130"},{"taxonomy":"product_cat","embeddable":true,"href":"https:\/\/vetsul.com\/index.php\/wp-json\/wp\/v2\/product_cat?post=16130"},{"taxonomy":"product_tag","embeddable":true,"href":"https:\/\/vetsul.com\/index.php\/wp-json\/wp\/v2\/product_tag?post=16130"}],"curies":[{"name":"wp","href":"https:\/\/api.w.org\/{rel}","templated":true}]}}