{"id":16126,"date":"2017-12-29T14:52:47","date_gmt":"2017-12-29T16:52:47","guid":{"rendered":"http:\/\/35.194.95.18\/wp-admin\/?post_type=product&#038;p=16126"},"modified":"2025-02-07T16:00:04","modified_gmt":"2025-02-07T19:00:04","slug":"buscofin-50ml","status":"publish","type":"product","link":"https:\/\/vetsul.com\/index.php\/product\/buscofin-50ml\/","title":{"rendered":"Buscofin 50ml"},"content":{"rendered":"<h6 style=\"border: none; color: rgb(102, 102, 102); font-family: Arial, Helvetica, sans-serif; font-size: 14px; text-align: justify; background-color: rgb(248, 248, 248);\"><strong style=\"font-size: small;\">F\u00f3rmula:<br \/><\/strong><span style=\"font-family: ZapfHumanist601BT-Roman; font-size: small;\">Cada 1 mL cont\u00e9m:<br \/><\/span>N-butilbrometo de hioscina &#8230;&#8230;&#8230;&#8230;&#8230;&#8230;&#8230;&#8230;&#8230;&#8230;&#8230;&#8230;&#8230;&#8230;&#8230;&#8230;&#8230;&#8230;&#8230;&#8230;&#8230;&#8230;&#8230;&#8230;&#8230;&#8230;&#8230;&#8230;&#8230;&#8230;&#8230;&#8230;&#8230;.4,0 mg<span style=\"font-family: ZapfHumanist601BT-Roman; font-size: small;\">&nbsp;<br \/><\/span>Dipirona s\u00f3dica &#8230;&#8230;&#8230;&#8230;&#8230;&#8230;&#8230;&#8230;&#8230;&#8230;&#8230;&#8230;&#8230;&#8230;&#8230;&#8230;&#8230;&#8230;&#8230;&#8230;&#8230;&#8230;&#8230;&#8230;&#8230;&#8230;&#8230;&#8230;&#8230;&#8230;&#8230;&#8230;&#8230;&#8230;&#8230;&#8230;&#8230;..500,0 mg<br \/>Ve\u00edculo q.s.p. &#8230;&#8230;&#8230;&#8230;&#8230;&#8230;&#8230;&#8230;&#8230;&#8230;&#8230;&#8230;&#8230;&#8230;&#8230;&#8230;&#8230;&#8230;&#8230;&#8230;&#8230;&#8230;&#8230;&#8230;&#8230;&#8230;&#8230;&#8230;&#8230;&#8230;&#8230;&#8230;&#8230;&#8230;&#8230;&#8230;&#8230;&#8230;&#8230;&#8230;.1,0 mL<br \/>&nbsp;<br \/><span style=\"font-size: small;\"><strong>Indica\u00e7\u00f5es:<br \/><\/strong><\/span><span style=\"font-size: small;\"><span id=\"lblIndicacao\" style=\"font-family: Arial;\">Antiespasm\u00f3dico, analg\u00e9sico e antipir\u00e9tico de uso geral. Especialmente indicado no tratamento de c\u00f3licas intestinais e renais.<br \/><\/span><\/span><span style=\"font-size: small;\"><strong>Dosagem:<br \/><\/strong><\/span><span style=\"font-size: small;\"><span id=\"lblDosagem\" style=\"font-family: Arial;\">Equinos adultos: 20 a 30 mL, IV\/Potros: 5 a 10 mL, IV.<\/span><\/span><span style=\"font-size: small;\"><span id=\"lblDosagem\" style=\"font-family: Arial;\"><br \/><\/span><\/span><span style=\"font-size: small;\"><span id=\"lblDosagem\" style=\"font-family: Arial;\">Bovinos adultos: 20 a 25 mL, IM ou IV\/Bezerros: 5 a 10 mL, IM ou IV.<\/span><\/span><span style=\"font-size: small;\"><span id=\"lblDosagem\" style=\"font-family: Arial;\"><br \/><\/span><\/span><span style=\"font-size: small;\"><span id=\"lblDosagem\" style=\"font-family: Arial;\">Su\u00ednos: 5 a 10 mL, IM ou IV.<\/span><\/span><span style=\"font-size: small;\"><span id=\"lblDosagem\" style=\"font-family: Arial;\"><br \/><\/span><\/span><span style=\"font-size: small;\"><span id=\"lblDosagem\" style=\"font-family: Arial;\">C\u00e3es: 1 a 2,5 mL, IM ou IV.<br \/><\/span><\/span><span style=\"font-size: small;\"><strong>Administra\u00e7\u00e3o:<br \/><\/strong><\/span><span style=\"font-size: small;\"><span id=\"lbladministracao\" style=\"font-family: Arial;\">Bovinos, Equinos, Ovinos, Su\u00ednos e C\u00e3es.<br \/><\/span><\/span><span style=\"font-size: small;\"><strong>Precau\u00e7\u00f5es:<br \/><\/strong><\/span><span style=\"font-size: small;\"><span id=\"lblPrecaucao\" style=\"font-family: Arial;\">Siga todas as boas pr\u00e1ticas de administra\u00e7\u00e3o de produtos injet\u00e1veis. N\u00e3o aplicar em equinos nos 5 dias que antecedem \u00e0 competi\u00e7\u00e3o.<\/span><\/span><span style=\"font-size: small;\"><span id=\"lblPrecaucao\" style=\"font-family: Arial;\"><br \/><\/span><\/span><span style=\"font-size: small;\"><span id=\"lblPrecaucao\" style=\"font-family: Arial;\">Ap\u00f3s a retirada de parte do conte\u00fado do frasco-ampola, armazenar sob refrigera\u00e7\u00e3o a embalagem parcialmente consumida. Descartar esta embalagem caso o produto n\u00e3o seja totalmente utilizado num prazo de 15 dias ap\u00f3s a primeira retirada do medicamento da embalagem<\/span><\/span><\/h6>\n","protected":false},"excerpt":{"rendered":"<p>F\u00f3rmula:Cada 1 mL cont\u00e9m:N-butilbrometo de hioscina &#8230;&#8230;&#8230;&#8230;&#8230;&#8230;&#8230;&#8230;&#8230;&#8230;&#8230;&#8230;&#8230;&#8230;&#8230;&#8230;&#8230;&#8230;&#8230;&#8230;&#8230;&#8230;&#8230;&#8230;&#8230;&#8230;&#8230;&#8230;&#8230;&#8230;&#8230;&#8230;&#8230;.4,0 mg&nbsp;Dipirona s\u00f3dica &#8230;&#8230;&#8230;&#8230;&#8230;&#8230;&#8230;&#8230;&#8230;&#8230;&#8230;&#8230;&#8230;&#8230;&#8230;&#8230;&#8230;&#8230;&#8230;&#8230;&#8230;&#8230;&#8230;&#8230;&#8230;&#8230;&#8230;&#8230;&#8230;&#8230;&#8230;&#8230;&#8230;&#8230;&#8230;&#8230;&#8230;..500,0 mgVe\u00edculo q.s.p. &#8230;&#8230;&#8230;&#8230;&#8230;&#8230;&#8230;&#8230;&#8230;&#8230;&#8230;&#8230;&#8230;&#8230;&#8230;&#8230;&#8230;&#8230;&#8230;&#8230;&#8230;&#8230;&#8230;&#8230;&#8230;&#8230;&#8230;&#8230;&#8230;&#8230;&#8230;&#8230;&#8230;&#8230;&#8230;&#8230;&#8230;&#8230;&#8230;&#8230;.1,0 mL&nbsp;Indica\u00e7\u00f5es:Antiespasm\u00f3dico, analg\u00e9sico e antipir\u00e9tico de uso geral. Especialmente indicado<\/p>\n","protected":false},"featured_media":16127,"template":"","meta":{"_acf_changed":false},"product_brand":[967],"product_cat":[168,174,164,163,194],"product_tag":[994,995],"class_list":{"0":"post-16126","1":"product","2":"type-product","3":"status-publish","4":"has-post-thumbnail","6":"product_brand-agener-uniao","7":"product_cat-anti-inflamatorios","8":"product_cat-anti-inflamatorios-3","9":"product_cat-bovinos-e-ovinos","10":"product_cat-equinos","11":"product_cat-todos-os-produtos","12":"product_tag-agener","13":"product_tag-uniao","15":"first","16":"instock","17":"shipping-taxable","18":"purchasable","19":"product-type-simple"},"acf":[],"_links":{"self":[{"href":"https:\/\/vetsul.com\/index.php\/wp-json\/wp\/v2\/product\/16126","targetHints":{"allow":["GET"]}}],"collection":[{"href":"https:\/\/vetsul.com\/index.php\/wp-json\/wp\/v2\/product"}],"about":[{"href":"https:\/\/vetsul.com\/index.php\/wp-json\/wp\/v2\/types\/product"}],"wp:featuredmedia":[{"embeddable":true,"href":"https:\/\/vetsul.com\/index.php\/wp-json\/wp\/v2\/media\/16127"}],"wp:attachment":[{"href":"https:\/\/vetsul.com\/index.php\/wp-json\/wp\/v2\/media?parent=16126"}],"wp:term":[{"taxonomy":"product_brand","embeddable":true,"href":"https:\/\/vetsul.com\/index.php\/wp-json\/wp\/v2\/product_brand?post=16126"},{"taxonomy":"product_cat","embeddable":true,"href":"https:\/\/vetsul.com\/index.php\/wp-json\/wp\/v2\/product_cat?post=16126"},{"taxonomy":"product_tag","embeddable":true,"href":"https:\/\/vetsul.com\/index.php\/wp-json\/wp\/v2\/product_tag?post=16126"}],"curies":[{"name":"wp","href":"https:\/\/api.w.org\/{rel}","templated":true}]}}