{"id":16069,"date":"2017-12-29T10:40:15","date_gmt":"2017-12-29T12:40:15","guid":{"rendered":"http:\/\/35.194.95.18\/wp-admin\/?post_type=product&#038;p=16069"},"modified":"2026-04-24T14:22:38","modified_gmt":"2026-04-24T17:22:38","slug":"botumix-pro-speed","status":"publish","type":"product","link":"https:\/\/vetsul.com\/index.php\/product\/botumix-pro-speed\/","title":{"rendered":"Botumix Pro Speed"},"content":{"rendered":"<h2 style=\"background-image: initial;background-position: initial;background-size: initial;background-attachment: initial;border: 0px;margin-right: 0px;margin-bottom: 18px;margin-left: 0px;padding: 0px;vertical-align: baseline;font-family: Montserrat, Calibri, AppleGothic, 'MgOpen Modata', sans-serif;font-size: 30px;line-height: 36px;color: #444444\"><em style=\"background: transparent;border: 0px;margin: 0px;padding: 0px;vertical-align: baseline\"><span style=\"background: transparent;border: 0px;margin: 0px;padding: 0px;vertical-align: baseline;color: #ff0000;font-size: 14px\">Explos\u00e3o de Energia<\/span><\/em><\/h2>\n<h4 style=\"background-image: initial;background-position: initial;background-size: initial;background-attachment: initial;border: 0px;margin-right: 0px;margin-bottom: 18px;margin-left: 0px;padding: 0px;vertical-align: baseline;font-weight: 600;font-family: 'Open Sans', Calibri, AppleGothic, 'MgOpen Modata', sans-serif;font-size: 18px;line-height: 22px;color: #444444;text-align: justify\"><span style=\"font-size: 14px\">\u201c<\/span><strong style=\"background: transparent;border: 0px;margin: 0px;padding: 0px;vertical-align: baseline\"><span style=\"font-size: 14px\">Botumix Pro Speed<\/span><\/strong><span style=\"font-size: 14px\">\u00a0<\/span><span style=\"font-size: 14px\">\u00e9 um suplemento alimentar dispon\u00edvel nas apresenta\u00e7\u00f5es l\u00edquida e p\u00f3. Possui em sua formula\u00e7\u00e3o vitaminas, minerais e amino\u00e1cidos, como L-Glutamina, L-Lisina e Metionina, componentes altamente indicados para equinos atletas. \u00c9 um produto consolidado como o mais completo do Brasil, fazendo campe\u00f5es em v\u00e1rias categorias\u201d.<\/span><\/h4>\n<p style=\"background-image: initial;background-position: initial;background-size: initial;background-attachment: initial;border: 0px;margin-bottom: 0px;padding: 0px 0px 18px;vertical-align: baseline;color: #838383;font-family: 'Droid Sans', Calibri, AppleGothic, 'MgOpen Modata', sans-serif\"><span style=\"background: transparent;border: 0px;margin: 0px;padding: 0px;vertical-align: baseline;font-family: helvetica, arial, sans-serif;font-size: 14px;color: #ff0000\">L-Lisina<\/span><\/p>\n<p style=\"background-image: initial;background-position: initial;background-size: initial;background-attachment: initial;border: 0px;margin-bottom: 0px;padding: 0px 0px 18px;vertical-align: baseline;color: #838383;font-family: 'Droid Sans', Calibri, AppleGothic, 'MgOpen Modata', sans-serif\"><span style=\"background: transparent;border: 0px;margin: 0px;padding: 0px;vertical-align: baseline;font-family: helvetica, arial, sans-serif;font-size: 14px;color: #ff0000\">Metionina<\/span><\/p>\n<p style=\"background-image: initial;background-position: initial;background-size: initial;background-attachment: initial;border: 0px;margin-bottom: 0px;padding: 0px 0px 18px;vertical-align: baseline;color: #838383;font-family: 'Droid Sans', Calibri, AppleGothic, 'MgOpen Modata', sans-serif\"><span style=\"background: transparent;border: 0px;margin: 0px;padding: 0px;vertical-align: baseline;font-family: helvetica, arial, sans-serif;font-size: 14px;color: #ff0000\">L-Glutamina<\/span><\/p>\n<h3 style=\"background-image: initial;background-position: initial;background-size: initial;background-attachment: initial;border: 0px;margin-right: 0px;margin-bottom: 18px;margin-left: 0px;padding: 0px;vertical-align: baseline;font-family: Montserrat, Calibri, AppleGothic, 'MgOpen Modata', sans-serif;font-size: 24px;line-height: 36px;color: #444444\"><span style=\"font-size: 14px\">Suplementa\u00e7\u00e3o de vitaminas, minerais e amino\u00e1cidos, indicado para equinos em treinamento e potros.<\/span><\/h3>\n<p style=\"background-image: initial;background-position: initial;background-size: initial;background-attachment: initial;border: 0px;margin-bottom: 0px;padding: 0px 0px 18px;vertical-align: baseline;color: #838383;font-family: 'Droid Sans', Calibri, AppleGothic, 'MgOpen Modata', sans-serif;font-size: 13px\"><span style=\"background: transparent;border: 0px;margin: 0px;padding: 0px;vertical-align: baseline;color: #ff0000\"><strong style=\"background: transparent;border: 0px;margin: 0px;padding: 0px;vertical-align: baseline\">INDICA\u00c7\u00c3O DE USO:<\/strong><\/span><br \/>\nSuplementa\u00e7\u00e3o de vitaminas, minerais e amino\u00e1cidos, indicado<br \/>\npara equinos em treinamento e potros.<\/p>\n<p style=\"background-image: initial;background-position: initial;background-size: initial;background-attachment: initial;border: 0px;margin-bottom: 0px;padding: 0px 0px 18px;vertical-align: baseline;color: #838383;font-family: 'Droid Sans', Calibri, AppleGothic, 'MgOpen Modata', sans-serif;font-size: 13px\"><strong style=\"background: transparent;border: 0px;margin: 0px;padding: 0px;vertical-align: baseline\"><span style=\"background: transparent;border: 0px;margin: 0px;padding: 0px;vertical-align: baseline;color: #ff0000\">MODO DE USAR:<\/span><\/strong><br \/>\nFornecer diariamente por via oral.<br \/>\nEquinos a partir dos 2 anos de idade:<br \/>\nDose: 35 a 70 mL ao dia, ou 17,5 a 35 mL duas vezes ao dia.<br \/>\nAnimais abaixo de 2 anos de idade:<br \/>\nDose: 15 mL para cada 100 kg de peso vivo ao dia.<\/p>\n<p style=\"background-image: initial;background-position: initial;background-size: initial;background-attachment: initial;border: 0px;margin-bottom: 0px;padding: 0px 0px 18px;vertical-align: baseline;color: #838383;font-family: 'Droid Sans', Calibri, AppleGothic, 'MgOpen Modata', sans-serif;font-size: 13px\">AGITAR BEM ANTES DE USAR.<\/p>\n<p style=\"background-image: initial;background-position: initial;background-size: initial;background-attachment: initial;border: 0px;margin-bottom: 0px;padding: 0px 0px 18px;vertical-align: baseline;color: #838383;font-family: 'Droid Sans', Calibri, AppleGothic, 'MgOpen Modata', sans-serif;font-size: 13px\">NO DOPPING<\/p>\n","protected":false},"excerpt":{"rendered":"<p>Explos\u00e3o de Energia \u201cBotumix Pro Speed\u00a0\u00e9 um suplemento alimentar dispon\u00edvel nas apresenta\u00e7\u00f5es l\u00edquida e p\u00f3. Possui em sua formula\u00e7\u00e3o vitaminas, minerais e<\/p>\n","protected":false},"featured_media":17663,"template":"","meta":{"_acf_changed":false},"product_brand":[953],"product_cat":[163,178,194],"product_tag":[986],"class_list":{"0":"post-16069","1":"product","2":"type-product","3":"status-publish","4":"has-post-thumbnail","6":"product_brand-botupharma","7":"product_cat-equinos","8":"product_cat-suplementos-e-vitaminas-2","9":"product_cat-todos-os-produtos","10":"product_tag-botupharma","12":"first","13":"instock","14":"shipping-taxable","15":"purchasable","16":"product-type-simple"},"acf":[],"_links":{"self":[{"href":"https:\/\/vetsul.com\/index.php\/wp-json\/wp\/v2\/product\/16069","targetHints":{"allow":["GET"]}}],"collection":[{"href":"https:\/\/vetsul.com\/index.php\/wp-json\/wp\/v2\/product"}],"about":[{"href":"https:\/\/vetsul.com\/index.php\/wp-json\/wp\/v2\/types\/product"}],"wp:featuredmedia":[{"embeddable":true,"href":"https:\/\/vetsul.com\/index.php\/wp-json\/wp\/v2\/media\/17663"}],"wp:attachment":[{"href":"https:\/\/vetsul.com\/index.php\/wp-json\/wp\/v2\/media?parent=16069"}],"wp:term":[{"taxonomy":"product_brand","embeddable":true,"href":"https:\/\/vetsul.com\/index.php\/wp-json\/wp\/v2\/product_brand?post=16069"},{"taxonomy":"product_cat","embeddable":true,"href":"https:\/\/vetsul.com\/index.php\/wp-json\/wp\/v2\/product_cat?post=16069"},{"taxonomy":"product_tag","embeddable":true,"href":"https:\/\/vetsul.com\/index.php\/wp-json\/wp\/v2\/product_tag?post=16069"}],"curies":[{"name":"wp","href":"https:\/\/api.w.org\/{rel}","templated":true}]}}