{"id":16061,"date":"2017-12-29T10:21:06","date_gmt":"2017-12-29T12:21:06","guid":{"rendered":"http:\/\/35.194.95.18\/wp-admin\/?post_type=product&#038;p=16061"},"modified":"2026-04-24T14:22:32","modified_gmt":"2026-04-24T17:22:32","slug":"botumix-artroplus-premium","status":"publish","type":"product","link":"https:\/\/vetsul.com\/index.php\/product\/botumix-artroplus-premium\/","title":{"rendered":"Botumix Artroplus Premium"},"content":{"rendered":"<h3 style=\"background-image: initial; background-position: initial; background-size: initial; background-repeat: initial; background-attachment: initial; background-origin: initial; background-clip: initial; border: 0px; margin-right: 0px; margin-bottom: 18px; margin-left: 0px; padding: 0px; vertical-align: baseline; outline: none; font-family: Montserrat, Calibri, AppleGothic, 'MgOpen Modata', sans-serif; font-size: 24px; line-height: 36px; color: #444444;\"><span style=\"background: transparent; border: 0px; margin: 0px; padding: 0px; vertical-align: baseline; outline: none; color: #e3a84f; font-size: 14px;\"><em style=\"background: transparent; border: 0px; margin: 0px; padding: 0px; vertical-align: baseline; outline: none;\">\u201cDoses elevadas de Glicosamina al\u00e9m de C\u00farcuma e Yucca\u201d<\/em><\/span><\/h3>\n<h4 style=\"background-image: initial; background-position: initial; background-size: initial; background-repeat: initial; background-attachment: initial; background-origin: initial; background-clip: initial; border: 0px; margin-right: 0px; margin-bottom: 18px; margin-left: 0px; padding: 0px; vertical-align: baseline; outline: none; font-weight: 600; font-family: 'Open Sans', Calibri, AppleGothic, 'MgOpen Modata', sans-serif; font-size: 18px; line-height: 22px; color: #444444;\"><span style=\"font-size: 14px;\">Botumix Artroplus\u00a0\u00e9 um suplemento alimentar a base de vitamina, mineral e amino\u00e1cido indicado para equinos e bovinos a partir do desmame. Possui em sua formula\u00e7\u00e3o Condroitina, Glicosamina e Enxofre, componentesimportantes para animais idosos ou submetidos a esfor\u00e7os f\u00edsicos, como provas e competi\u00e7\u00f5es.<\/span><\/h4>\n<p style=\"background-image: initial; background-position: initial; background-size: initial; background-repeat: initial; background-attachment: initial; background-origin: initial; background-clip: initial; border: 0px; margin-bottom: 0px; padding: 0px 0px 18px; vertical-align: baseline; outline: none; color: #838383; font-family: 'Droid Sans', Calibri, AppleGothic, 'MgOpen Modata', sans-serif;\"><span style=\"background: transparent; border: 0px; margin: 0px; padding: 0px; vertical-align: baseline; outline: none; font-family: helvetica, arial, sans-serif; font-size: 14px; color: #bd8e00;\">Extrato de Yucca<\/span><\/p>\n<p style=\"background-image: initial; background-position: initial; background-size: initial; background-repeat: initial; background-attachment: initial; background-origin: initial; background-clip: initial; border: 0px; margin-bottom: 0px; padding: 0px 0px 18px; vertical-align: baseline; outline: none; color: #838383; font-family: 'Droid Sans', Calibri, AppleGothic, 'MgOpen Modata', sans-serif;\"><span style=\"background: transparent; border: 0px; margin: 0px; padding: 0px; vertical-align: baseline; outline: none; font-family: helvetica, arial, sans-serif; font-size: 14px; color: #bd8e00;\">C\u00farcuma<\/span><\/p>\n<p style=\"background-image: initial; background-position: initial; background-size: initial; background-repeat: initial; background-attachment: initial; background-origin: initial; background-clip: initial; border: 0px; margin-bottom: 0px; padding: 0px 0px 18px; vertical-align: baseline; outline: none; color: #838383; font-family: 'Droid Sans', Calibri, AppleGothic, 'MgOpen Modata', sans-serif;\"><span style=\"background: transparent; border: 0px; margin: 0px; padding: 0px; vertical-align: baseline; outline: none; font-family: helvetica, arial, sans-serif; font-size: 14px; color: #bd8e00;\">Condroitina<\/span><\/p>\n<p style=\"background-image: initial; background-position: initial; background-size: initial; background-repeat: initial; background-attachment: initial; background-origin: initial; background-clip: initial; border: 0px; margin-bottom: 0px; padding: 0px 0px 18px; vertical-align: baseline; outline: none; color: #838383; font-family: 'Droid Sans', Calibri, AppleGothic, 'MgOpen Modata', sans-serif;\"><span style=\"background: transparent; border: 0px; margin: 0px; padding: 0px; vertical-align: baseline; outline: none; font-size: 14px; font-family: helvetica, arial, sans-serif; color: #bd8e00;\">Glicosamina<\/span><\/p>\n<p style=\"background-image: initial; background-position: initial; background-size: initial; background-repeat: initial; background-attachment: initial; background-origin: initial; background-clip: initial; border: 0px; margin-bottom: 0px; padding: 0px 0px 18px; vertical-align: baseline; outline: none; color: #838383; font-family: 'Droid Sans', Calibri, AppleGothic, 'MgOpen Modata', sans-serif;\"><span style=\"background: transparent; border: 0px; margin: 0px; padding: 0px; vertical-align: baseline; outline: none; font-size: 14px;\">Suplemento mineral, vitam\u00ednico para equinos,<\/span><br \/>\n<span style=\"background: transparent; border: 0px; margin: 0px; padding: 0px; vertical-align: baseline; outline: none; font-size: 14px;\">bovinos, ovinos, su\u00ednos e caprinos.<\/span><\/p>\n<p style=\"background-image: initial; background-position: initial; background-size: initial; background-repeat: initial; background-attachment: initial; background-origin: initial; background-clip: initial; border: 0px; margin-bottom: 0px; padding: 0px 0px 18px; vertical-align: baseline; outline: none; color: #838383; font-family: 'Droid Sans', Calibri, AppleGothic, 'MgOpen Modata', sans-serif;\"><strong style=\"background: transparent; border: 0px; margin: 0px; padding: 0px; vertical-align: baseline; outline: none;\">INDICA\u00c7\u00c3O DE USO:<\/strong><br \/>\nSuplemento vitam\u00ednico e mineral enriquecido com sulfato de condroitina, sulfato de glicosamina, c\u00farcuma e extrato de yucca, indicado para equinos, bovinos, ovinos, caprinos e su\u00ednos.<\/p>\n<p style=\"background-image: initial; background-position: initial; background-size: initial; background-repeat: initial; background-attachment: initial; background-origin: initial; background-clip: initial; border: 0px; margin-bottom: 0px; padding: 0px 0px 18px; vertical-align: baseline; outline: none; color: #838383; font-family: 'Droid Sans', Calibri, AppleGothic, 'MgOpen Modata', sans-serif; text-align: justify;\"><strong style=\"background: transparent; border: 0px; margin: 0px; padding: 0px; vertical-align: baseline; outline: none;\">MODO DE USAR:<\/strong><br \/>\nDose inicial por 2 a 3 meses: Equinos e bovinos adultos: 20 g. Potros, bezerros, ovinos e caprinos adultos: 10 g. Cordeiros, cabritos e su\u00ednos adultos: 5 g. Leit\u00f5es: 2 g. Doses de manuten\u00e7\u00e3o: utilizar metade da dose inicial.<br \/>\nObs.: Copos dosadores: maior = 20 g; menor = 5 g.<\/p>\n<p style=\"background-image: initial; background-position: initial; background-size: initial; background-repeat: initial; background-attachment: initial; background-origin: initial; background-clip: initial; border: 0px; margin-bottom: 0px; padding: 0px 0px 18px; vertical-align: baseline; outline: none; color: #838383; font-family: 'Droid Sans', Calibri, AppleGothic, 'MgOpen Modata', sans-serif;\"><strong style=\"background: transparent; border: 0px; margin: 0px; padding: 0px; vertical-align: baseline; outline: none;\">NO DOPPING<\/strong><\/p>\n","protected":false},"excerpt":{"rendered":"<p>\u201cDoses elevadas de Glicosamina al\u00e9m de C\u00farcuma e Yucca\u201d Botumix Artroplus\u00a0\u00e9 um suplemento alimentar a base de vitamina, mineral e amino\u00e1cido indicado<\/p>\n","protected":false},"featured_media":17661,"template":"","meta":{"_acf_changed":false},"product_brand":[953],"product_cat":[163,173,178,194],"product_tag":[986,760,201,865,395,795],"class_list":{"0":"post-16061","1":"product","2":"type-product","3":"status-publish","4":"has-post-thumbnail","6":"product_brand-botupharma","7":"product_cat-equinos","8":"product_cat-suplementos-e-vitaminas","9":"product_cat-suplementos-e-vitaminas-2","10":"product_cat-todos-os-produtos","11":"product_tag-botupharma","12":"product_tag-equinos-3","13":"product_tag-suplemento","14":"product_tag-suplemento-alimentar","15":"product_tag-vitamina","16":"product_tag-vitaminas","18":"first","19":"instock","20":"shipping-taxable","21":"purchasable","22":"product-type-simple"},"acf":[],"_links":{"self":[{"href":"https:\/\/vetsul.com\/index.php\/wp-json\/wp\/v2\/product\/16061","targetHints":{"allow":["GET"]}}],"collection":[{"href":"https:\/\/vetsul.com\/index.php\/wp-json\/wp\/v2\/product"}],"about":[{"href":"https:\/\/vetsul.com\/index.php\/wp-json\/wp\/v2\/types\/product"}],"wp:featuredmedia":[{"embeddable":true,"href":"https:\/\/vetsul.com\/index.php\/wp-json\/wp\/v2\/media\/17661"}],"wp:attachment":[{"href":"https:\/\/vetsul.com\/index.php\/wp-json\/wp\/v2\/media?parent=16061"}],"wp:term":[{"taxonomy":"product_brand","embeddable":true,"href":"https:\/\/vetsul.com\/index.php\/wp-json\/wp\/v2\/product_brand?post=16061"},{"taxonomy":"product_cat","embeddable":true,"href":"https:\/\/vetsul.com\/index.php\/wp-json\/wp\/v2\/product_cat?post=16061"},{"taxonomy":"product_tag","embeddable":true,"href":"https:\/\/vetsul.com\/index.php\/wp-json\/wp\/v2\/product_tag?post=16061"}],"curies":[{"name":"wp","href":"https:\/\/api.w.org\/{rel}","templated":true}]}}