{"id":16051,"date":"2017-12-28T17:31:08","date_gmt":"2017-12-28T19:31:08","guid":{"rendered":"http:\/\/35.194.95.18\/wp-admin\/?post_type=product&#038;p=16051"},"modified":"2025-08-08T17:41:00","modified_gmt":"2025-08-08T20:41:00","slug":"botu-ia","status":"publish","type":"product","link":"https:\/\/vetsul.com\/index.php\/product\/botu-ia\/","title":{"rendered":"Botu IA"},"content":{"rendered":"<p style=\"margin-bottom: 15px;line-height: 1.5;, Arial, Helvetica, sans-serif\">Recipiente para transporte de s\u00eamen refrigerado, que proporciona maior seguran\u00e7a, praticidade e facilita a identifica\u00e7\u00e3o das amostras enviadas.&nbsp;<\/p>\n<p style=\"margin-bottom: 15px;line-height: 1.5;, Arial, Helvetica, sans-serif\">Evita o uso de sacos pl\u00e1sticos que muitas vezes podem se romper durante o transporte ocasionando perda da amostra transportada.<\/p>\n<p style=\"margin-bottom: 15px;line-height: 1.5;, Arial, Helvetica, sans-serif\">Possui tampa com design que possibilita acoplar diretamente o frasco \u00e0 pipeta n\u00e3o necessitando o uso de seringas para inseminar, evitando manipula\u00e7\u00f5es desnecess\u00e1rias.<\/p>\n<p style=\"margin-bottom: 15px;line-height: 1.5;, Arial, Helvetica, sans-serif\"><\/p>\n","protected":false},"excerpt":{"rendered":"<p>Recipiente para transporte de s\u00eamen refrigerado, que proporciona maior seguran\u00e7a, praticidade e facilita a identifica\u00e7\u00e3o das amostras enviadas.&nbsp; Evita o uso de<\/p>\n","protected":false},"featured_media":16052,"template":"","meta":{"_acf_changed":false},"product_brand":[953],"product_cat":[163,166,177,194],"product_tag":[986],"class_list":{"0":"post-16051","1":"product","2":"type-product","3":"status-publish","4":"has-post-thumbnail","6":"product_brand-botupharma","7":"product_cat-equinos","8":"product_cat-equipamentos-utensilios-e-materiais-hospitalares","9":"product_cat-reproducao-2","10":"product_cat-todos-os-produtos","11":"product_tag-botupharma","13":"first","14":"instock","15":"shipping-taxable","16":"purchasable","17":"product-type-simple"},"acf":[],"_links":{"self":[{"href":"https:\/\/vetsul.com\/index.php\/wp-json\/wp\/v2\/product\/16051","targetHints":{"allow":["GET"]}}],"collection":[{"href":"https:\/\/vetsul.com\/index.php\/wp-json\/wp\/v2\/product"}],"about":[{"href":"https:\/\/vetsul.com\/index.php\/wp-json\/wp\/v2\/types\/product"}],"wp:featuredmedia":[{"embeddable":true,"href":"https:\/\/vetsul.com\/index.php\/wp-json\/wp\/v2\/media\/16052"}],"wp:attachment":[{"href":"https:\/\/vetsul.com\/index.php\/wp-json\/wp\/v2\/media?parent=16051"}],"wp:term":[{"taxonomy":"product_brand","embeddable":true,"href":"https:\/\/vetsul.com\/index.php\/wp-json\/wp\/v2\/product_brand?post=16051"},{"taxonomy":"product_cat","embeddable":true,"href":"https:\/\/vetsul.com\/index.php\/wp-json\/wp\/v2\/product_cat?post=16051"},{"taxonomy":"product_tag","embeddable":true,"href":"https:\/\/vetsul.com\/index.php\/wp-json\/wp\/v2\/product_tag?post=16051"}],"curies":[{"name":"wp","href":"https:\/\/api.w.org\/{rel}","templated":true}]}}